000
CXUS51 KCLE 021834
CLMTOL

CLIMATE REPORT
NATIONAL WEATHER SERVICE CLEVELAND, OH
234 PM EDT FRI SEP 02 2022

...................................

...THE TOLEDO OH CLIMATE SUMMARY FOR THE MONTH OF AUGUST 2022...

CLIMATE NORMAL PERIOD 1991 TO 2020
CLIMATE RECORD PERIOD 1873 TO 2022

WEATHER         OBSERVED          NORMAL  DEPART   LAST YEAR`S
                VALUE   DATE(S)   VALUE   FROM     VALUE
                                          NORMAL
..............................................................
TEMPERATURE (F)
RECORD
 HIGH            103   08/06/1918
 LOW              34   08/29/1982
HIGHEST           96   08/03
LOWEST            54   08/12
AVG. MAXIMUM    84.7               84.1     0.6     87.3
AVG. MINIMUM    64.7               62.8     1.9     66.1
MEAN            74.7               73.5     1.2     76.7
DAYS MAX >= 90     7                3.9     3.1       12
DAYS MAX <= 32     0                0.0     0.0        0
DAYS MIN <= 32     0                0.0     0.0        0
DAYS MIN <= 0      0                0.0     0.0        0

PRECIPITATION (INCHES)
RECORD
 MAXIMUM        8.47   1965
 MINIMUM        0.40   1976
TOTALS          4.15               3.15    1.00     2.13
DAYS >= .01       10                9.3     0.7        7
DAYS >= .10        7                5.8     1.2        3
DAYS >= .50        3                2.2     0.8        2
DAYS >= 1.00       2                0.7     1.3        0
GREATEST
 24 HR. TOTAL   1.21   08/07 TO 08/08               0.86

SNOWFALL (INCHES)
RECORDS
 TOTAL             T   1994
TOTALS           0.0                0.0     0.0      0.0
SINCE 7/1        0.0                0.0     0.0      0.0
DAYS >= 1.0        0                0.0     0.0        0
GREATEST
 24 HR TOTAL     0.0

DEGREE DAYS
HEATING TOTAL      1                  4      -3        0
 SINCE 7/1         1                  1       0        0
COOLING TOTAL    311                266      45      369
 SINCE 1/1      1068                887     181     1095
..............................................................

WIND (MPH)
AVERAGE WIND SPEED              5.4
HIGHEST WIND SPEED/DIRECTION    47/250    DATE  08/03
HIGHEST GUST SPEED/DIRECTION    58/250    DATE  08/03
                                58/270          08/29

SKY COVER
AVERAGE SKY COVER           0.33

AVERAGE RH (PERCENT)     69

WEATHER CONDITIONS. NUMBER OF DAYS WITH
THUNDERSTORM              7     MIXED PRECIP               0
HEAVY RAIN                5     RAIN                       5
LIGHT RAIN               10     FREEZING RAIN              0
LT FREEZING RAIN          0     HAIL                       0
HEAVY SNOW                0     SNOW                       0
LIGHT SNOW                0     SLEET                      0
FOG                      15     FOG W/VIS <= 1/4 MILE      1
HAZE                      4

-  INDICATES NEGATIVE NUMBERS.
R  INDICATES RECORD WAS SET OR TIED.
MM INDICATES DATA IS MISSING.
T  INDICATES TRACE AMOUNT.

$$
