000
CXUS55 KCYS 011527
CLMTOR

CLIMATE REPORT
NATIONAL WEATHER SERVICE CHEYENNE WY
927 AM MDT THU SEP 01 2022

...................................

...THE TORRINGTON WY AIRPORT CLIMATE SUMMARY FOR THE MONTH OF AUGUST 2022...

CLIMATE NORMAL PERIOD 1991 TO 2020
CLIMATE RECORD PERIOD 1998 TO 2022

WEATHER         OBSERVED          NORMAL  DEPART   LAST YEAR`S
                VALUE   DATE(S)   VALUE   FROM     VALUE DATE(S)
                                          NORMAL
................................................................
TEMPERATURE (F)
RECORD
 HIGH            104   08/13/2007
 LOW              20   08/15/2010
HIGHEST          104R  08/05         MM      MM      100
LOWEST            49   08/20         MM      MM       46
AVG. MAXIMUM    92.1               88.1     4.0     90.5
AVG. MINIMUM    58.7               55.5     3.2     55.2
MEAN            75.4               71.8     3.6     72.8
DAYS MAX >= 90    19               15.9     3.1       17
DAYS MAX <= 32     0                0.0     0.0        0
DAYS MIN <= 32     0                0.0     0.0        0
DAYS MIN <= 0      0                0.0     0.0        0

PRECIPITATION (INCHES)
RECORD
 MAXIMUM        1.84   2021
TOTALS          0.90R              0.97   -0.07     1.84
DAYS >= .01        5                7.2    -2.2        5
DAYS >= .10        3                2.2     0.8        2
DAYS >= .50        0                0.4    -0.4        2
DAYS >= 1.00       0                0.1    -0.1        0
GREATEST
 24 HR. TOTAL   0.49   08/12 TO 08/13               1.21  08/18 TO 08/19


DEGREE DAYS
HEATING TOTAL      0                 15     -15        1
 SINCE 7/1         0                 15     -15       MM
COOLING TOTAL    332                225     107      252
 SINCE 1/1       895                664     231       MM
................................................................

WIND (MPH)
AVERAGE WIND SPEED              8.0
HIGHEST WIND SPEED/DIRECTION    39/250    DATE  08/14
HIGHEST GUST SPEED/DIRECTION    53/260    DATE  08/14

SKY COVER
POSSIBLE SUNSHINE (PERCENT)   MM
AVERAGE SKY COVER           0.11
NUMBER OF DAYS FAIR           29
NUMBER OF DAYS PC              2
NUMBER OF DAYS CLOUDY          0

AVERAGE RH (PERCENT)     53

WEATHER CONDITIONS. NUMBER OF DAYS WITH
THUNDERSTORM              5     MIXED PRECIP               0
HEAVY RAIN                2     RAIN                       1
LIGHT RAIN                8     FREEZING RAIN              0
LT FREEZING RAIN          0     HAIL                       0
HEAVY SNOW                0     SNOW                       0
LIGHT SNOW                0     SLEET                      0
FOG                       2     FOG W/VIS <= 1/4 MILE      1
HAZE                      1

-  INDICATES NEGATIVE NUMBERS.
R  INDICATES RECORD WAS SET OR TIED.
MM INDICATES DATA IS MISSING.
T  INDICATES TRACE AMOUNT.

$$
