000
CXUS52 KTBW 060010
CLMTPA

CLIMATE REPORT
NATIONAL WEATHER SERVICE TAMPA BAY FL
810 PM EDT WED OCT 05 2022

...................................

...THE TAMPA CLIMATE SUMMARY FOR THE MONTH OF SEPTEMBER 2022...

CLIMATE NORMAL PERIOD: 1991 TO 2020
CLIMATE RECORD PERIOD: 1890 TO 2022

WEATHER         OBSERVED          NORMAL  DEPART   LAST YEAR`S
                VALUE   DATE(S)   VALUE   FROM     VALUE DATE(S)
                                          NORMAL
................................................................
TEMPERATURE (F)
ALL-TIME SEPTEMBER RECORD
 HIGH             96   09/05/2020
                       09/10/2019
                       09/20/2018
                       09/07/1991
                       09/06/1991
                       09/19/1972
                       09/01/1963
                       09/07/1961
                       09/04/1961
                       09/02/1958
                       09/05/1941

 LOW              54   09/22/1897

SEPTEMBER 2022
HIGHEST           94   09/05         MM      MM       95  09/13
                       09/06
                       09/22
LOWEST            65   09/29         MM      MM       71  09/28
                       09/30
AVG. MAXIMUM    89.4               90.2    -0.8     89.7
AVG. MINIMUM    75.4               75.3     0.1     76.4
MEAN            82.4               82.7    -0.3     83.1
DAYS MAX >= 90    20               17.9     2.1       18
DAYS MAX <= 32     0                0.0     0.0        0
DAYS MIN <= 32     0                0.0     0.0        0
DAYS MIN <= 0      0                0.0     0.0        0

PRECIPITATION (INCHES)
ALL-TIME SEPTEMBER RECORD
 MAXIMUM       18.93   1912
 MINIMUM        0.79   2005

SEPTEMBER 2022
TOTALS         12.29               6.09    6.20     7.39
DAILY AVG.      0.41               0.20    0.21     0.25
DAYS >= .01       18               12.8     5.2       13
DAYS >= .10       10                8.2     1.8       10
DAYS >= .50        7                3.8     3.2        5
DAYS >= 1.00       6                1.9     4.1        4
GREATEST
 24 HR. TOTAL   3.31   09/01 TO 09/02


DEGREE DAYS
HEATING TOTAL      0                  0       0        0
 SINCE 7/1         0                  0       0       MM
COOLING TOTAL    529                532      -3      552
 SINCE 1/1      3848               3260     588       MM
................................................................

WIND (MPH)
AVERAGE WIND SPEED              5.3
HIGHEST WIND SPEED/DIRECTION    40/330    DATE  09/23
HIGHEST GUST SPEED/DIRECTION    74/020    DATE  09/28

SKY COVER
POSSIBLE SUNSHINE (PERCENT)   MM
AVERAGE SKY COVER           0.58
NUMBER OF DAYS FAIR            4
NUMBER OF DAYS PC             23
NUMBER OF DAYS CLOUDY          3

AVERAGE RH (PERCENT)     74

WEATHER CONDITIONS. NUMBER OF DAYS WITH
THUNDERSTORM             19     MIXED PRECIP               0
HEAVY RAIN                7     RAIN                      10
LIGHT RAIN               20     FREEZING RAIN              0
LT FREEZING RAIN          0     HAIL                       0
HEAVY SNOW                0     SNOW                       0
LIGHT SNOW                0     SLEET                      0
FOG                      12     FOG W/VIS <= 1/4 MILE      1
HAZE                      5

-  INDICATES NEGATIVE NUMBERS.
R  INDICATES RECORD WAS SET OR TIED.
MM INDICATES DATA IS MISSING.
T  INDICATES TRACE AMOUNT.

$$
