000
CXUS55 KLKN 020617
CLMTPH

CLIMATE REPORT
NATIONAL WEATHER SERVICE ELKO, NV
1117 PM PDT THU SEP 01 2022

...................................

...THE TONOPAH AIRPORT NV CLIMATE SUMMARY FOR THE MONTH OF AUGUST 2022...

CLIMATE NORMAL PERIOD 1991 TO 2020
CLIMATE RECORD PERIOD 1954 TO 2022

WEATHER         OBSERVED          NORMAL  DEPART   LAST YEAR`S
                VALUE   DATE(S)   VALUE   FROM     VALUE DATE(S)
                                          NORMAL
................................................................
TEMPERATURE (F)
RECORD
 HIGH            103   08/17/2020
                       08/12/1971
                       07/18/1998
 LOW              37   08/25/1963
                       08/24/1963
                       08/30/1957
HIGHEST           96   08/23         98      -2      101  08/15
                       08/31
LOWEST            59   08/26         46      13       48  08/19
                       08/28
AVG. MAXIMUM    90.0               90.4    -0.4     92.3
AVG. MINIMUM    62.8               57.0     5.8     58.0
MEAN            76.4               73.7     2.7     75.1
DAYS MAX >= 90    21               19.9     1.1       21
DAYS MAX <= 32     0                0.0     0.0        0
DAYS MIN <= 32     0                0.0     0.0        0
DAYS MIN <= 0      0                0.0     0.0        0

PRECIPITATION (INCHES)
RECORD
 MAXIMUM        2.74   2000
 MINIMUM        0.00   2006
TOTALS          1.01               0.39    0.62        T
DAILY AVG.      0.03               0.01    0.02        T
DAYS >= .01        7                2.6     4.4        0
DAYS >= .10        2                1.2     0.8        0
DAYS >= .50        1                0.1     0.9        0
DAYS >= 1.00       0                0.0     0.0        0
GREATEST
 24 HR. TOTAL   1.09   07/31 TO 07/31               0.67


DEGREE DAYS
HEATING TOTAL      0                  2      -2        3
 SINCE 7/1         0                  1      -1       MM
COOLING TOTAL    363                272      91      327
 SINCE 1/1      1004                804     200       MM
................................................................

WIND (MPH)
AVERAGE WIND SPEED              8.1
HIGHEST WIND SPEED/DIRECTION    35/210    DATE  08/08
HIGHEST GUST SPEED/DIRECTION    43/140    DATE  08/09
                                43/100          08/25

AVERAGE RH (PERCENT)     42

WEATHER CONDITIONS. NUMBER OF DAYS WITH
THUNDERSTORM              7     MIXED PRECIP               0
HEAVY RAIN                2     RAIN                       6
LIGHT RAIN               12     FREEZING RAIN              0
LT FREEZING RAIN          0     HAIL                       0
HEAVY SNOW                0     SNOW                       0
LIGHT SNOW                0     SLEET                      0
FOG                       2     FOG W/VIS <= 1/4 MILE      0
HAZE                      1

-  INDICATES NEGATIVE NUMBERS.
R  INDICATES RECORD WAS SET OR TIED.
MM INDICATES DATA IS MISSING.
T  INDICATES TRACE AMOUNT.

$$
