000
CXUS54 KMRX 020143
CLMTRI

CLIMATE REPORT
NATIONAL WEATHER SERVICE MORRISTOWN, TN
943 PM EDT THU SEP 01 2022

...................................

...THE TRI-CITIES AIRPORT CLIMATE SUMMARY FOR THE MONTH OF AUGUST 2022...

CLIMATE NORMAL PERIOD: 1991 TO 2020
CLIMATE RECORD PERIOD: 1937 TO 2022

WEATHER         OBSERVED          NORMAL  DEPART
                VALUE   DATE(S)   VALUE   FROM
                                          NORMAL
................................................
TEMPERATURE (F)
HIGHEST           93   08/03
                       08/28
LOWEST            57   08/13
AVG. MAXIMUM    86.7               85.8     0.9
AVG. MINIMUM    64.8               63.2     1.6
MEAN            75.7               74.5     1.2
DAYS MAX >= 90     8
DAYS MAX <= 32     0
DAYS MIN <= 32     0
DAYS MIN <= 0      0

PRECIPITATION (INCHES)
RECORD
 MAXIMUM       11.34   2003
 MINIMUM        0.37   2007
TOTALS          2.80               3.76   -0.96
DAYS >= .01       12
DAYS >= .10        9
DAYS >= .50        1
DAYS >= 1.00       0
GREATEST
 24 HR. TOTAL   0.90   07/31 TO 08/01

SNOWFALL (INCHES)
TOTALS           0.0                0.0     0.0
SINCE 7/1        0.0
SNOWDEPTH AVG.     0
DAYS >= TRACE      0
GREATEST
 SNOW DEPTH        0

DEGREE DAYS
HEATING TOTAL      0                  1      -1
 SINCE 7/1         0                  0       0
COOLING TOTAL    340                295      45
 SINCE 1/1      1148                942     206
................................................


WEATHER CONDITIONS. NUMBER OF DAYS WITH
THUNDERSTORM             13     RAIN                       4
SNOW                      0     FOG                       25
FOG W/VIS <= 1/4 MILE     7

-  INDICATES NEGATIVE NUMBERS.
R  INDICATES RECORD WAS SET OR TIED.
MM INDICATES DATA IS MISSING.
T  INDICATES TRACE AMOUNT.

$$
