000
CXUS56 KSGX 010938
CLMTRM

CLIMATE REPORT
NATIONAL WEATHER SERVICE SAN DIEGO, CA
238 AM PDT THU SEP 01 2022

...................................

...THE THERMAL AIRPORT CA CLIMATE SUMMARY FOR THE MONTH OF AUGUST 2022...

CLIMATE NORMAL PERIOD: 1991 TO 2020
CLIMATE RECORD PERIOD: 1950 TO 2022

WEATHER         OBSERVED          NORMAL  DEPART   LAST YEAR`S
                VALUE   DATE(S)   VALUE   FROM     VALUE DATE(S)
                                          NORMAL
................................................................
TEMPERATURE (F)
RECORD
 HIGH            122   08/04/2021
 LOW              52   08/31/1999
                       08/21/1993
HIGHEST          115   08/30        106       9      122  08/04
LOWEST            74   08/28         75      -1       68  08/24
                       08/29
AVG. MAXIMUM   106.6              106.2     0.4    107.9
AVG. MINIMUM    79.9               74.9     5.0     77.8
MEAN            93.3               90.6     2.7     92.9
DAYS MAX >= 90    31               31.0     0.0       31
DAYS MAX <= 32     0                0.0     0.0        0
DAYS MAX >= 45    31                                  31
DAYS MAX >= 120    0                                   1
DAYS MIN <= 32     0                0.0     0.0        0

PRECIPITATION (INCHES)
RECORD
 MAXIMUM        3.62   1977
 MINIMUM        0.00   2016
TOTALS          0.01               0.12   -0.11     0.17
DAILY AVG.      0.00               0.00   -0.00     0.01
DAYS >= .01        1                0.7     0.3        2
DAYS >= .10        0                0.3    -0.3        1
DAYS >= .50        0                0.0     0.0        0
DAYS >= 1.00       0                0.0     0.0        0
DAYS >= %-5.2F     0                                   0
DAYS >= %-5.2F     0                                   0
GREATEST
 24 HR. TOTAL   0.01   08/13 TO 08/13               0.16  08/10 TO 08/11
 STORM TOTAL    0.01                                0.16
 (MM/DD(HH))            MM


DEGREE DAYS
HEATING TOTAL      0                  0       0        0
 SINCE 7/1         0                  0       0       MM
COOLING TOTAL    886                792      94      870
 SINCE 1/1      3315               2956     359       MM

FREEZE DATES
RECORD
 EARLIEST     10/30/1971
 LATEST       04/10/1999
EARLIEST                        MM
LATEST                          03/12
................................................................

WIND (MPH)
AVERAGE WIND SPEED              7.0
RESULTANT WIND SPEED/DIRECTION   2/130
HIGHEST WIND SPEED/DIRECTION    31/110    DATE  08/07
HIGHEST GUST SPEED/DIRECTION    42/130    DATE  08/07

SKY COVER
POSSIBLE SUNSHINE (PERCENT)   MM
AVERAGE SKY COVER           0.05
NUMBER OF DAYS FAIR           31
NUMBER OF DAYS PC              0
NUMBER OF DAYS CLOUDY          0

AVERAGE RH (PERCENT)     42

WEATHER CONDITIONS. NUMBER OF DAYS WITH
THUNDERSTORM              5     MIXED PRECIP               0
HEAVY RAIN                0     RAIN                       0
LIGHT RAIN                2     FREEZING RAIN              0
LT FREEZING RAIN          0     HAIL                       0
HEAVY SNOW                0     SNOW                       0
LIGHT SNOW                0     SLEET                      0
FOG                       0     FOG W/VIS <= 1/4 MILE      0
HAZE                      8

-  INDICATES NEGATIVE NUMBERS.
R  INDICATES RECORD WAS SET OR TIED.
MM INDICATES DATA IS MISSING.
T  INDICATES TRACE AMOUNT.

$$
