000
CXUS56 KPQR 011538
CLMTTD

CLIMATE REPORT
NATIONAL WEATHER SERVICE PORTLAND OREGON
838 AM PDT THU SEP 01 2022

...................................

...THE TROUTDALE OR CLIMATE SUMMARY FOR THE MONTH OF AUGUST 2022...

CLIMATE NORMAL PERIOD 1991 TO 2020
CLIMATE RECORD PERIOD 1948 TO 2022

WEATHER         OBSERVED          NORMAL  DEPART   LAST YEAR`S
                VALUE   DATE(S)   VALUE   FROM     VALUE DATE(S)
                                          NORMAL
................................................................
TEMPERATURE (F)
HIGHEST          100                                 104  08/11
LOWEST            51                                  46  08/23
AVG. MAXIMUM    88.1               82.3     5.8     84.6
AVG. MINIMUM    60.1               56.9     3.2     58.5
MEAN            74.1               69.6     4.5     71.5
DAYS MAX >= 90    12                6.2     5.8       10
DAYS MAX <= 32     0                0.0     0.0        0
DAYS MIN <= 32     0                0.0     0.0        0
DAYS MIN <= 0      0                0.0     0.0        0

PRECIPITATION (INCHES)
RECORD
 MAXIMUM        0.11   2021
 MINIMUM        0.11   2021
TOTALS             TR              0.63   -0.63     0.11
DAYS >= .01        0                3.8    -3.8        3
DAYS >= .10        0                1.5    -1.5        0
DAYS >= .50        0                0.3    -0.3        0
DAYS >= 1.00       0                0.0     0.0        0
GREATEST
 24 HR. TOTAL      T   08/09 TO 08/09
                       08/18 TO 08/18
                       08/27 TO 08/27


DEGREE DAYS
HEATING TOTAL      0                 11     -11       13
 SINCE 7/1         1                 19     -18       MM
COOLING TOTAL    290                154     136      225
 SINCE 1/1       616                366               MM
................................................................

WIND (MPH)
AVERAGE WIND SPEED              3.3
RESULTANT WIND SPEED/DIRECTION   1/190
HIGHEST WIND SPEED/DIRECTION    17/210    DATE  08/09
HIGHEST GUST SPEED/DIRECTION    21/210    DATE  08/09

SKY COVER
POSSIBLE SUNSHINE (PERCENT)   MM
AVERAGE SKY COVER           0.16
NUMBER OF DAYS FAIR           25
NUMBER OF DAYS PC              6
NUMBER OF DAYS CLOUDY          0

AVERAGE RH (PERCENT)     58

WEATHER CONDITIONS. NUMBER OF DAYS WITH
THUNDERSTORM              0     MIXED PRECIP               0
HEAVY RAIN                0     RAIN                       0
LIGHT RAIN                2     FREEZING RAIN              0
LT FREEZING RAIN          0     HAIL                       0
HEAVY SNOW                0     SNOW                       0
LIGHT SNOW                0     SLEET                      0
FOG                       2     FOG W/VIS <= 1/4 MILE      0
HAZE                      5

-  INDICATES NEGATIVE NUMBERS.
R  INDICATES RECORD WAS SET OR TIED.
MM INDICATES DATA IS MISSING.
T  INDICATES TRACE AMOUNT.

$$
