000
CXUS51 KPHI 040236
CLMTTN

CLIMATE REPORT
NATIONAL WEATHER SERVICE MOUNT HOLLY NJ
1036 PM EDT SAT SEP 03 2022

...................................

...THE TRENTON NJ CLIMATE SUMMARY FOR THE MONTH OF AUGUST 2022...

CLIMATE NORMAL PERIOD: 1991 TO 2020
CLIMATE RECORD PERIOD: 1865 TO 2022

WEATHER         OBSERVED          NORMAL  DEPART   LAST YEAR`S
                VALUE   DATE(S)   VALUE   FROM     VALUE
                                          NORMAL
..............................................................
TEMPERATURE (F)
RECORD
 HIGH            105   08/07/1918
 LOW              41   08/30/1986
                       08/29/1986
HIGHEST           96                 MM      MM       95
LOWEST            58                 MM      MM       58
AVG. MAXIMUM    87.7               84.0     3.7     85.0
AVG. MINIMUM    67.1               64.8     2.3     67.9
MEAN            77.4               74.4     3.0     76.5
DAYS MAX >= 90    14                5.6     8.4        7
DAYS MAX <= 32     0                0.0     0.0        0
DAYS MIN <= 32     0                0.0     0.0        0
DAYS MIN <= 0      0                0.0     0.0        0

PRECIPITATION (INCHES)
RECORD
 MAXIMUM       16.10   2011
 MINIMUM        0.47   1964
TOTALS          3.16               4.22   -1.06     5.06
DAILY AVG.      0.10               0.14   -0.04     0.16
DAYS >= .01        8               10.0    -2.0       12
DAYS >= .10        8                6.3     1.7        6
DAYS >= .50        2                2.6    -0.6        3
DAYS >= 1.00       1                1.1    -0.1        2
GREATEST
 24 HR. TOTAL   1.30   08/05 TO 08/05               1.85


DEGREE DAYS
HEATING TOTAL      0                  2      -2        0
 SINCE 7/1         0                  0       0       MM
COOLING TOTAL    393                294      99      363
 SINCE 1/1      1073                911     162       MM
..............................................................

WIND (MPH)
AVERAGE WIND SPEED              5.9
HIGHEST WIND SPEED/DIRECTION    22/330    DATE  08/09
HIGHEST GUST SPEED/DIRECTION    29/310    DATE  08/08

SKY COVER
POSSIBLE SUNSHINE (PERCENT)   MM
AVERAGE SKY COVER           0.26
NUMBER OF DAYS FAIR           23
NUMBER OF DAYS PC              5
NUMBER OF DAYS CLOUDY          3

AVERAGE RH (PERCENT)     67

WEATHER CONDITIONS. NUMBER OF DAYS WITH
THUNDERSTORM              4     MIXED PRECIP               0
HEAVY RAIN                6     RAIN                       7
LIGHT RAIN               13     FREEZING RAIN              0
LT FREEZING RAIN          0     HEAVY SNOW                 0
SNOW                      0     LIGHT SNOW                 0
SLEET                     0     FOG                       11
FOG W/VIS <= 1/4 MILE     2     HAZE                       1

-  INDICATES NEGATIVE NUMBERS.
R  INDICATES RECORD WAS SET OR TIED.
MM INDICATES DATA IS MISSING.
T  INDICATES TRACE AMOUNT.

$$
