000
CXUS54 KTSA 011100
CLMTUL

CLIMATE REPORT
NATIONAL WEATHER SERVICE TULSA OK
600 AM CDT THU SEP 01 2022

...................................

...THE TULSA OKLAHOMA CLIMATE SUMMARY FOR THE MONTH OF AUGUST 2022...

CLIMATE NORMAL PERIOD 1991 TO 2020
CLIMATE RECORD PERIOD 1882 TO 2022

WEATHER         OBSERVED          NORMAL  DEPART   LAST YEAR`S
                VALUE   DATE(S)   VALUE   FROM     VALUE DATE(S)
                                          NORMAL
................................................................
TEMPERATURE (F)
RECORD
 HIGH            115   08/10/1936
 LOW              48   08/31/1915
HIGHEST          105   08/16         93      12      100  08/12
                                                          08/23
                                                          08/24
LOWEST            65   08/25         71      -6       63  08/02
                                                          08/04
AVG. MAXIMUM    95.2               93.0     2.2     94.2
AVG. MINIMUM    72.7               71.5     1.2     73.3
MEAN            84.0               82.2     1.8     83.8
DAYS MAX >= 90    28               22.2     5.8       27
DAYS MAX <= 32     0                0.0     0.0        0
DAYS MIN <= 32     0                0.0     0.0        0
DAYS MIN <= 0      0                0.0     0.0        0

PRECIPITATION (INCHES)
RECORD
 MAXIMUM       11.80   1927
 MINIMUM        0.00   1896
TOTALS          0.77               3.38   -2.61     0.78
DAILY AVG.      0.02               0.11   -0.08     0.03
DAYS >= .01        4                6.9    -3.9        5
DAYS >= .10        2                4.5    -3.5        2
DAYS >= .50        1                2.4    -1.4        0
DAYS >= 1.00       0                1.2    -1.2        0
GREATEST
 24 HR. TOTAL   0.55   08/29 TO 08/29

DEGREE DAYS
COOLING TOTAL    598                535      63      591
 SINCE 1/1      2100               1764     336       MM
................................................................

WIND (MPH)
AVERAGE WIND SPEED              7.8
HIGHEST WIND SPEED/DIRECTION    33/270    DATE  08/29
HIGHEST GUST SPEED/DIRECTION    45/280    DATE  08/29

SKY COVER
POSSIBLE SUNSHINE (PERCENT)   MM
AVERAGE SKY COVER           0.47
NUMBER OF DAYS FAIR           12
NUMBER OF DAYS PC             14
NUMBER OF DAYS CLOUDY          5

AVERAGE RH (PERCENT)     61

WEATHER CONDITIONS. NUMBER OF DAYS WITH
THUNDERSTORM              5     MIXED PRECIP               0
HEAVY RAIN                1     RAIN                       0
LIGHT RAIN                6     FREEZING RAIN              0
LT FREEZING RAIN          0     HAIL                       0
HEAVY SNOW                0     SNOW                       0
LIGHT SNOW                0     SLEET                      0
FOG                       4     FOG W/VIS <= 1/4 MILE      0
HAZE                      0

-  INDICATES NEGATIVE NUMBERS.
R  INDICATES RECORD WAS SET OR TIED.
MM INDICATES DATA IS MISSING.
T  INDICATES TRACE AMOUNT.

$$
