000
CXUS54 KMEG 052132
CLMTUP

CLIMATE REPORT
NATIONAL WEATHER SERVICE MEMPHIS TN
432 PM CDT MON SEP 05 2022

...................................

...THE TUPELO CLIMATE SUMMARY FOR THE MONTH OF AUGUST 2022...

CLIMATE NORMAL PERIOD 1991 TO 2020
CLIMATE RECORD PERIOD 1930 TO 2022

WEATHER         OBSERVED          NORMAL  DEPART   LAST YEAR`S
                VALUE   DATE(S)   VALUE   FROM     VALUE DATE(S)
                                          NORMAL
................................................................
TEMPERATURE (F)
RECORD
 HIGH            108   08/27/1943
 LOW              51   08/09/1976
HIGHEST           98   08/15         90       8       97  08/11
LOWEST            66   08/14         69      -3       64  08/04
                                                          08/05
AVG. MAXIMUM    91.9               91.9    -0.0     91.2
AVG. MINIMUM    72.9               71.2     1.7     73.1
MEAN            82.4               81.6     0.8     82.2
DAYS MAX >= 90    25               19.6     5.4       23
DAYS MAX <= 32     0                0.0     0.0        0
DAYS MIN <= 32     0                0.0     0.0        0
DAYS MIN <= 0      0                0.0     0.0        0

PRECIPITATION (INCHES)
RECORD
 MAXIMUM       11.70   2003
 MINIMUM        0.00   1983
TOTALS          5.86               4.07    1.79     6.73
DAILY AVG.      0.19               0.13    0.06     0.22
DAYS >= .01       15                8.9     6.1       11
DAYS >= .10       10                5.9     4.1       10
DAYS >= .50        3                2.9     0.1        4
DAYS >= 1.00       2                1.3     0.7        2
GREATEST
 24 HR. TOTAL   2.83   08/29 TO 08/30

SNOWFALL (INCHES)
RECORDS
 TOTAL            MM   MM
TOTALS           0.0                0.0     0.0      0.0
SINCE 7/1        0.0                0.0     0.0       MM
SNOWDEPTH AVG.     0                                   0
DAYS >= 1.0        0                0.0     0.0        0
GREATEST
 SNOW DEPTH        0                                   0  MM
 24 HR TOTAL      MM

DEGREE DAYS
HEATING TOTAL      0                  0       0        0
 SINCE 7/1         0                  0       0       MM
COOLING TOTAL    545                513      32      539
 SINCE 1/1      2068               1800     268       MM
................................................................

WIND (MPH)
AVERAGE WIND SPEED              4.5
HIGHEST WIND SPEED/DIRECTION    30/290    DATE  08/09
HIGHEST GUST SPEED/DIRECTION    34/130    DATE  08/29

SKY COVER
POSSIBLE SUNSHINE (PERCENT)   MM
AVERAGE SKY COVER           0.31
NUMBER OF DAYS FAIR           20
NUMBER OF DAYS PC             10
NUMBER OF DAYS CLOUDY          1

AVERAGE RH (PERCENT)     70

WEATHER CONDITIONS. NUMBER OF DAYS WITH
THUNDERSTORM             11     MIXED PRECIP               0
HEAVY RAIN                8     RAIN                       6
LIGHT RAIN               14     FREEZING RAIN              0
LT FREEZING RAIN          0     HAIL                       0
HEAVY SNOW                0     SNOW                       0
LIGHT SNOW                0     SLEET                      0
FOG                      16     FOG W/VIS <= 1/4 MILE      2
HAZE                      7

-  INDICATES NEGATIVE NUMBERS.
R  INDICATES RECORD WAS SET OR TIED.
MM INDICATES DATA IS MISSING.
T  INDICATES TRACE AMOUNT.

$$
