000
CXUS55 KTWC 041024
CLMTUS

CLIMATE REPORT
NATIONAL WEATHER SERVICE TUCSON AZ
324 AM MST SUN SEP 04 2022

...................................

...THE TUCSON AZ CLIMATE SUMMARY FOR THE MONTH OF AUGUST 2022...

CLIMATE NORMAL PERIOD 1991 TO 2020
CLIMATE RECORD PERIOD 1895 TO 2022

WEATHER         OBSERVED          NORMAL  DEPART   LAST YEAR`S
                VALUE   DATE(S)   VALUE   FROM     VALUE
                                          NORMAL
..............................................................
TEMPERATURE (F)
RECORD
 HIGH            112   08/01/1993
 LOW              55   08/20/1917
HIGHEST          104   08/06        105      -1
                       08/30
LOWEST            70   08/23         68       2
AVG. MAXIMUM    97.2               98.6    -1.4
AVG. MINIMUM    74.4               75.2    -0.8
MEAN            85.8               86.9    -1.1
DAYS MAX >= 90    29               29.0     0.0       28
DAYS MAX >= 100    7                                  12
DAYS MIN <= 32     0                0.0     0.0        0
DAYS MIN >= 80     0                                   2

PRECIPITATION (INCHES)
RECORD
 MAXIMUM        7.93   1955
 MINIMUM        0.08   1924
TOTALS          2.82               1.98    0.84     3.85
DAILY AVG.      0.09               0.06    0.03     0.12
DAYS >= .01       11                8.5     2.5        9
DAYS >= .10        6                4.3     1.7        6
DAYS >= .50        2                1.1     0.9        2
DAYS >= 1.00       1                0.3     0.7        1
GREATEST
 24 HR. TOTAL   1.06   08/23 TO 08/23               2.15


DEGREE DAYS
HEATING TOTAL      0                  0       0
 SINCE 7/1         0                  0       0
COOLING TOTAL    653                679     -26
 SINCE 1/1      2884               2589     295
..............................................................

WIND (MPH)
AVERAGE WIND SPEED              7.0
HIGHEST WIND SPEED/DIRECTION    54/160    DATE  08/23
HIGHEST GUST SPEED/DIRECTION    76/110    DATE  08/23

SKY COVER
POSSIBLE SUNSHINE (PERCENT)   MM
AVERAGE SKY COVER           0.15
NUMBER OF DAYS FAIR           22
NUMBER OF DAYS PC              2
NUMBER OF DAYS CLOUDY          0

AVERAGE RH (PERCENT)     55

WEATHER CONDITIONS. NUMBER OF DAYS WITH
THUNDERSTORM             21     MIXED PRECIP               0
HEAVY RAIN                5     RAIN                      10
LIGHT RAIN               16     FREEZING RAIN              0
LT FREEZING RAIN          0     HAIL                       0
HEAVY SNOW                0     SLEET                      0
FOG                       2     FOG W/VIS <= 1/4 MILE      1
HAZE                      6

-  INDICATES NEGATIVE NUMBERS.
R  INDICATES RECORD WAS SET OR TIED.
MM INDICATES DATA IS MISSING.
T  INDICATES TRACE AMOUNT.

$$
