000
CXUS53 KAPX 010536
CLMTVC

CLIMATE REPORT
NATIONAL WEATHER SERVICE
136 AM EDT SAT OCT 01 2022

...................................

...THE TRAVERSE CITY MI CLIMATE SUMMARY FOR THE MONTH OF SEPTEMBER 2022...

CLIMATE NORMAL PERIOD: 1991 TO 2020
CLIMATE RECORD PERIOD: 1896 TO 2022

WEATHER         OBSERVED          NORMAL  DEPART   LAST YEAR`S
                VALUE   DATE(S)   VALUE   FROM     VALUE
                                          NORMAL
..............................................................
TEMPERATURE (F)
HIGHEST           89   09/02         MM      MM
LOWEST            35   09/29         MM      MM
AVG. MAXIMUM    73.5               72.1     1.4
AVG. MINIMUM    54.3               51.6     2.7
MEAN            63.9               61.9     2.0
DAYS MAX >= 90     0                1.0    -1.0
DAYS MAX <= 32     0                0.0     0.0
DAYS MIN <= 32     0                0.1    -0.1
DAYS MIN <= 0      0                0.0     0.0

PRECIPITATION (INCHES)
TOTALS          4.95               3.37    1.58
DAYS >= .01       10               12.5    -2.5
DAYS >= .10        7                7.2    -0.2
DAYS >= .50        3                2.0     1.0
DAYS >= 1.00       3                0.5     2.5
GREATEST
 24 HR. TOTAL   1.85   09/11 TO 09/12


DEGREE DAYS
HEATING TOTAL    126                153     -27
 SINCE 7/1       134                199     -65
COOLING TOTAL     98                 58      40
 SINCE 1/1       685                528     157
..............................................................

WIND (MPH)
AVERAGE WIND SPEED              6.2
HIGHEST WIND SPEED/DIRECTION    22/230    DATE  09/02
                                22/320          09/21
                                22/330          09/27
HIGHEST GUST SPEED/DIRECTION    35/250    DATE  09/02

SKY COVER
AVERAGE SKY COVER           0.52

AVERAGE RH (PERCENT)     69


-  INDICATES NEGATIVE NUMBERS.
R  INDICATES RECORD WAS SET OR TIED.
MM INDICATES DATA IS MISSING.
T  INDICATES TRACE AMOUNT.

$$
