000
CXUS55 KREV 261537
CLMTVL

CLIMATE REPORT
NATIONAL WEATHER SERVICE RENO NV
156 AM PDT THU SEP 01 2022

...................................

...THE SOUTH LAKE TAHOE CA CLIMATE SUMMARY FOR THE MONTH OF AUGUST 2022...

THE AVERAGE TEMPERATURE FOR AUGUST 2022 AT THE SOUTH LAKE TAHOE
AIRPORT WAS 64.0 DEGREES, WHICH IS 3.6 DEGREES ABOVE NORMAL. THE
HIGHEST TEMPERATURE FOR AUGUST WAS 88 DEGREES, WHICH OCCURRED ON THE
30TH. THE LOWEST TEMPERATURE FOR THE MONTH WAS 35, WHICH OCCURRED ON
THE 23RD.

FOR AUGUST 2022, 0.31 INCHES OF PRECIPITATION WAS RECORDED AT THE
SOUTH LAKE TAHOE AIRPORT. THIS IS 0.05 INCHES BELOW NORMAL FOR THE
MONTH.

THE AVERAGE WIND SPEED FOR AUGUST 2022 WAS 3.9 MPH. THE PEAK WIND
GUST FOR THE MONTH WAS 35 MPH FROM THE SOUTH ON THE 9TH.


CLIMATE NORMAL PERIOD 1991 TO 2020
CLIMATE RECORD PERIOD 1968 TO 2022

WEATHER         OBSERVED          NORMAL  DEPART   LAST YEAR`S
                VALUE   DATE(S)   VALUE   FROM     VALUE
                                          NORMAL
..............................................................
TEMPERATURE (F)
RECORD
 HIGH             96   08/09/1981
                       08/08/1981
 LOW              24   08/24/1973
HIGHEST           88   08/30         96      -8
LOWEST            35   08/23         24      11
AVG. MAXIMUM    82.9               79.7     3.2
AVG. MINIMUM    45.0               41.0     4.0
MEAN            64.0               60.4     3.6
DAYS MAX >= 90     0                0.3    -0.3
DAYS MAX <= 32     0                0.0     0.0
DAYS MIN <= 32     0                1.9    -1.9
DAYS MIN <= 0      0                0.0     0.0

PRECIPITATION (INCHES)
RECORD
 MAXIMUM        1.69   2014
 MINIMUM           T   2021
TOTALS          0.31
DAILY AVG.      0.01               0.01   -0.00
DAYS >= .01        3                1.5     1.5
DAYS >= .10        2                0.7     1.3
DAYS >= .50        0                0.3    -0.3
DAYS >= 1.00       0                0.0     0.0
GREATEST
 24 HR. TOTAL   0.18   08/05 TO 08/05
 STORM TOTAL    0.18
 (MM/DD(HH))


DEGREE DAYS
HEATING TOTAL     40                153    -113
 SINCE 7/1       104                282    -178
COOLING TOTAL     16                  8       8
 SINCE 1/1        76                 28      48
..............................................................

WIND (MPH)
AVERAGE WIND SPEED              3.9
HIGHEST WIND SPEED/DIRECTION    24/190    DATE  08/27
HIGHEST GUST SPEED/DIRECTION    35/170    DATE  08/09

AVERAGE RH (PERCENT)     49

WEATHER CONDITIONS. NUMBER OF DAYS WITH
THUNDERSTORM              3     MIXED PRECIP               0
HEAVY RAIN                0     RAIN                       1
LIGHT RAIN                3     FREEZING RAIN              0
LT FREEZING RAIN          0     HAIL                       0
HEAVY SNOW                0     SNOW                       0
LIGHT SNOW                0     SLEET                      0
FOG                       3     FOG W/VIS <= 1/4 MILE      1
HAZE                      1

-  INDICATES NEGATIVE NUMBERS.
R  INDICATES RECORD WAS SET OR TIED.
MM INDICATES DATA IS MISSING.
T  INDICATES TRACE AMOUNT.

$$
