000
CXUS54 KJAN 012031
CLMTVR

CLIMATE REPORT
NATIONAL WEATHER SERVICE JACKSON MS
331 PM CDT THU SEP 01 2022

...................................

...THE VICKSBURG CLIMATE SUMMARY FOR THE MONTH OF AUGUST 2022...

CLIMATE NORMAL PERIOD: 1991 TO 2020
CLIMATE RECORD PERIOD: 1948 TO 2022

WEATHER         OBSERVED          NORMAL  DEPART   LAST YEAR`S
                VALUE   DATE(S)   VALUE   FROM     VALUE
                                          NORMAL
..............................................................
TEMPERATURE (F)
RECORD
 HIGH            106   08/31/2000
 LOW              52   08/14/2004
                       08/23/1956
HIGHEST           99   08/16         MM      MM      102
LOWEST            70   08/04         MM      MM       67
AVG. MAXIMUM    90.7               92.8    -2.1     95.3
AVG. MINIMUM    73.1               72.0     1.1     75.2
MEAN            81.9               82.4    -0.5     85.2
DAYS MAX >= 90    19               25.1    -6.1       29
DAYS MAX <= 32     0                0.0     0.0        0
DAYS MIN <= 32     0                0.0     0.0        0
DAYS MIN <= 0      0                0.0     0.0        0

PRECIPITATION (INCHES)
RECORD
 MAXIMUM       13.06   1948
 MINIMUM        0.29   1990
TOTALS         13.00               3.75    9.25     4.06
DAILY AVG.      0.42               0.12    0.30     0.13
DAYS >= .01       12                9.4     2.6       MM
DAYS >= .10       11                5.6     5.4       MM
DAYS >= .50        7                2.7     4.3       MM
DAYS >= 1.00       6                0.9     5.1       MM
GREATEST
 24 HR. TOTAL   5.22   08/23 TO 08/24               0.81

SNOWFALL (INCHES)
TOTALS           0.0

DEGREE DAYS
HEATING TOTAL      0                  0       0        0
 SINCE 7/1         0                  0       0       MM
COOLING TOTAL    531                539      -8      634
 SINCE 1/1      2265               2006     259       MM
..............................................................

WIND (MPH)
AVERAGE WIND SPEED              3.4
HIGHEST WIND SPEED/DIRECTION    29/170    DATE  08/06
HIGHEST GUST SPEED/DIRECTION    45/170    DATE  08/06

SKY COVER
POSSIBLE SUNSHINE (PERCENT)   MM
AVERAGE SKY COVER           0.28
NUMBER OF DAYS FAIR           22
NUMBER OF DAYS PC              7
NUMBER OF DAYS CLOUDY          2

AVERAGE RH (PERCENT)     79

WEATHER CONDITIONS. NUMBER OF DAYS WITH
THUNDERSTORM             16     MIXED PRECIP               0
HEAVY RAIN               11     RAIN                      11
LIGHT RAIN               20     FREEZING RAIN              0
LT FREEZING RAIN          0     HAIL                       0
HEAVY SNOW                0     SNOW                       0
LIGHT SNOW                0     SLEET                      0
FOG                       6     FOG W/VIS <= 1/4 MILE      0
HAZE                      0

-  INDICATES NEGATIVE NUMBERS.
R  INDICATES RECORD WAS SET OR TIED.
MM INDICATES DATA IS MISSING.
T  INDICATES TRACE AMOUNT.

$$
