000
CXUS54 KMRX 020143
CLMTYS

CLIMATE REPORT
NATIONAL WEATHER SERVICE MORRISTOWN, TN
943 PM EDT THU SEP 01 2022

...................................

...THE KNOXVILLE MCGHEE TYSON AIRPORT CLIMATE SUMMARY FOR THE MONTH OF AUGUST 2022...

CLIMATE NORMAL PERIOD: 1991 TO 2020
CLIMATE RECORD PERIOD: 1871 TO 2022

WEATHER         OBSERVED          NORMAL  DEPART
                VALUE   DATE(S)   VALUE   FROM
                                          NORMAL
................................................
TEMPERATURE (F)
HIGHEST           93   08/03
LOWEST            63   08/13
                       08/18
                       08/24
AVG. MAXIMUM    87.4               87.8    -0.4
AVG. MINIMUM    68.2               67.5     0.7
MEAN            77.8               77.6     0.2
DAYS MAX >= 90     5
DAYS MAX <= 32     0
DAYS MIN <= 32     0
DAYS MIN <= 0      0

PRECIPITATION (INCHES)
RECORD
 MAXIMUM       11.33   1920
 MINIMUM        0.77   1954
TOTALS          2.62               3.63   -1.01
DAYS >= .01        8
DAYS >= .10        4
DAYS >= .50        2
DAYS >= 1.00       1
GREATEST
 24 HR. TOTAL   1.62   08/03 TO 08/03

SNOWFALL (INCHES)
TOTALS           0.0                0.0     0.0
SINCE 7/1        0.0
SNOWDEPTH AVG.     0
DAYS >= TRACE      0
GREATEST
 SNOW DEPTH        0

DEGREE DAYS
HEATING TOTAL      0                  0       0
 SINCE 7/1         0                  0       0
COOLING TOTAL    405                392      13
 SINCE 1/1      1510               1307     203
................................................


WEATHER CONDITIONS. NUMBER OF DAYS WITH
THUNDERSTORM             10     RAIN                       3
SNOW                      0     FOG                       16
FOG W/VIS <= 1/4 MILE     5

-  INDICATES NEGATIVE NUMBERS.
R  INDICATES RECORD WAS SET OR TIED.
MM INDICATES DATA IS MISSING.
T  INDICATES TRACE AMOUNT.

$$
