000
CXUS56 KPQR 011538
CLMUAO

CLIMATE REPORT
NATIONAL WEATHER SERVICE PORTLAND OREGON
838 AM PDT THU SEP 01 2022

...................................

...THE AURORA STATE OR CLIMATE SUMMARY FOR THE MONTH OF AUGUST 2022...

CLIMATE NORMAL PERIOD 1991 TO 2020
CLIMATE RECORD PERIOD 9999 TO 9999

WEATHER         OBSERVED          NORMAL  DEPART   LAST YEAR`S
                VALUE   DATE(S)   VALUE   FROM     VALUE DATE(S)
                                          NORMAL
................................................................
TEMPERATURE (F)
HIGHEST          100                                 104  08/12
LOWEST            51                                  47  08/23
AVG. MAXIMUM    86.5               83.3     3.2     84.9
AVG. MINIMUM    58.5               56.3     2.2     57.8
MEAN            72.5               69.8     2.7     71.3
DAYS MAX >= 90    12                6.4     5.6       11
DAYS MAX <= 32     0                0.0     0.0        0
DAYS MIN <= 32     0                0.0     0.0        0
DAYS MIN <= 0      0                0.0     0.0        0

PRECIPITATION (INCHES)
RECORD
 MAXIMUM        0.03   2021
 MINIMUM        0.03   2021
TOTALS             TR              0.52   -0.52     0.03
DAYS >= .01        0                3.5    -3.5        2
DAYS >= .10        0                1.4    -1.4        0
DAYS >= .50        0                0.1    -0.1        0
DAYS >= 1.00       0                0.0     0.0        0
GREATEST
 24 HR. TOTAL      T   08/09 TO 08/09


DEGREE DAYS
HEATING TOTAL      0                 12     -12       14
 SINCE 7/1         3                 19     -16       MM
COOLING TOTAL    239                161      78      218
 SINCE 1/1       514                387     127       MM
................................................................

WIND (MPH)
AVERAGE WIND SPEED              4.2
RESULTANT WIND SPEED/DIRECTION   1/040
HIGHEST WIND SPEED/DIRECTION    16/010    DATE  08/04
HIGHEST GUST SPEED/DIRECTION    23/360    DATE  08/23

SKY COVER
POSSIBLE SUNSHINE (PERCENT)   MM
AVERAGE SKY COVER           0.15

AVERAGE RH (PERCENT)     61

WEATHER CONDITIONS. NUMBER OF DAYS WITH
THUNDERSTORM              1     MIXED PRECIP               0
HEAVY RAIN                0     RAIN                       0
LIGHT RAIN                1     FREEZING RAIN              0
LT FREEZING RAIN          0     HAIL                       0
HEAVY SNOW                0     SNOW                       0
LIGHT SNOW                0     SLEET                      0
FOG                       1     FOG W/VIS <= 1/4 MILE      1
HAZE                      1

-  INDICATES NEGATIVE NUMBERS.
R  INDICATES RECORD WAS SET OR TIED.
MM INDICATES DATA IS MISSING.
T  INDICATES TRACE AMOUNT.

$$
