000
CXUS53 KLOT 011526
CLMUGN

CLIMATE REPORT
NATIONAL WEATHER SERVICE CHICAGO IL
1026 AM CDT SAT OCT 01 2022

...................................

...THE WAUKEGAN IL CLIMATE SUMMARY FOR THE MONTH OF SEPTEMBER 2022...

CLIMATE NORMAL PERIOD: 1991 TO 2020
CLIMATE RECORD PERIOD: 2000 TO 2022

WEATHER         OBSERVED          NORMAL  DEPART   LAST YEAR`S
                VALUE   DATE(S)   VALUE   FROM     VALUE DATE(S)
                                          NORMAL
................................................................
TEMPERATURE (F)
RECORD
 HIGH             96   09/10/2013
 LOW              34   09/19/2012
HIGHEST           87   09/01                          91  09/17
LOWEST            38   09/29                          48  09/25
                       09/30
                                                          09/29
AVG. MAXIMUM      MM               73.1      MM     78.4
AVG. MINIMUM      MM               53.6      MM     56.9
MEAN              MM               63.4      MM     67.6
DAYS MAX >= 90     0                0.5    -0.5        1
DAYS MAX <= 32     0                0.0     0.0        0
DAYS MIN <= 32     0                0.0     0.0        0
DAYS MIN <= 0      0                0.0     0.0        0

PRECIPITATION (INCHES)
RECORD
 MAXIMUM       11.17   2019
 MINIMUM        0.43   2017
TOTALS            MM               3.57      MM     1.22
DAILY AVG.        MM               0.12      MM     0.04
DAYS >= .01       MM               11.6      MM        8
DAYS >= .10       MM                5.9      MM        5
DAYS >= .50       MM                2.5      MM        1
DAYS >= 1.00      MM                1.0      MM        0
GREATEST
 24 HR. TOTAL   2.83   09/11 TO 09/11               0.51

DEGREE DAYS
HEATING TOTAL     MM                121      MM       26
 SINCE 7/1        93                145     -52       MM
COOLING TOTAL     MM                 71      MM      115
 SINCE 1/1       755                618     137       MM
................................................................

WIND (MPH)
AVERAGE WIND SPEED              6.1
HIGHEST WIND SPEED/DIRECTION    26/220    DATE  09/17
HIGHEST GUST SPEED/DIRECTION    39/320    DATE  09/11

AVERAGE RH (PERCENT)     72

WEATHER CONDITIONS. NUMBER OF DAYS WITH
THUNDERSTORM              5     MIXED PRECIP               0
HEAVY RAIN                4     RAIN                       3
LIGHT RAIN                5     FREEZING RAIN              0
LT FREEZING RAIN          0     HAIL                       0
HEAVY SNOW                0     SNOW                       0
LIGHT SNOW                0     SLEET                      0
FOG                      13     FOG W/VIS <= 1/4 MILE      0
HAZE                      3

-  INDICATES NEGATIVE NUMBERS.
R  INDICATES RECORD WAS SET OR TIED.
MM INDICATES DATA IS MISSING.
T  INDICATES TRACE AMOUNT.

$$
