000
CXUS56 KSEW 012301 CCA
CLMUIL

CLIMATE REPORT...CORRECTED
NATIONAL WEATHER SERVICE SEATTLE
400 PM PDT THU SEP 01 2022

...................................

...THE QUILLAYUTE WA AIRPORT CLIMATE SUMMARY FOR THE MONTH OF AUGUST 2022...

CLIMATE NORMAL PERIOD 1991 TO 2020
CLIMATE RECORD PERIOD 1966 TO 2022

WEATHER         OBSERVED          NORMAL  DEPART   LAST YEAR`S
                VALUE   DATE(S)   VALUE   FROM     VALUE DATE(S)
                                          NORMAL
................................................................
TEMPERATURE (F)
RECORD
 HIGH             99   08/09/1981
 LOW              36   08/26/1985
                       08/18/1973
HIGHEST           90   08/07         MM      MM       87  08/11
                                                          08/12
LOWEST            46   08/05         MM      MM       41  08/24
AVG. MAXIMUM    71.8               68.9     2.9     69.5
AVG. MINIMUM    53.6               51.1     2.5     52.3
MEAN            62.7               60.0     2.7     60.9
DAYS MAX >= 90     1                0.6     0.4        0
DAYS MAX <= 32     0                0.0     0.0        0
DAYS MIN <= 32     0                0.0     0.0        0
DAYS MIN <= 0      0                0.0     0.0        0

PRECIPITATION (INCHES)
RECORD
 MAXIMUM       15.07   1991
 MINIMUM        0.17   1998
TOTALS          0.50               2.64   -2.14     0.80
DAILY AVG.      0.02               0.09   -0.07     0.03
DAYS >= .01        5                8.8    -3.8        7
DAYS >= .10        3                3.7    -0.7        2
DAYS >= .50        0                1.3    -1.3        0
DAYS >= 1.00       0                0.8    -0.8        0
GREATEST
 24 HR. TOTAL   0.28   08/10 TO 08/10

DEGREE DAYS
HEATING TOTAL     74                163     -89      142
 SINCE 7/1       190                348    -158       MM
COOLING TOTAL     14                  8       6       23
 SINCE 1/1        30                 19      11       MM
................................................................

WIND (MPH)
AVERAGE WIND SPEED              4.6
HIGHEST WIND SPEED/DIRECTION    18/330    DATE  08/05
HIGHEST GUST SPEED/DIRECTION    27/330    DATE  08/05
                                27/210          08/31

SKY COVER
POSSIBLE SUNSHINE (PERCENT)   MM
AVERAGE SKY COVER           0.54
NUMBER OF DAYS FAIR           10
NUMBER OF DAYS PC              8
NUMBER OF DAYS CLOUDY         13

AVERAGE RH (PERCENT)     80

WEATHER CONDITIONS. NUMBER OF DAYS WITH
THUNDERSTORM              2     MIXED PRECIP               0
HEAVY RAIN                1     RAIN                       1
LIGHT RAIN                7     FREEZING RAIN              0
LT FREEZING RAIN          0     HAIL                       0
HEAVY SNOW                0     SNOW                       0
LIGHT SNOW                0     SLEET                      0
FOG                      20     FOG W/VIS <= 1/4 MILE      5
HAZE                      0

-  INDICATES NEGATIVE NUMBERS.
R  INDICATES RECORD WAS SET OR TIED.
MM INDICATES DATA IS MISSING.
T  INDICATES TRACE AMOUNT.

$$
