000
CXUS53 KLSX 011717
CLMUIN

CLIMATE REPORT
NATIONAL WEATHER SERVICE ST LOUIS MO
1217 PM CDT SAT OCT 01 2022

...................................

...THE QUINCY IL CLIMATE SUMMARY FOR THE MONTH OF SEPTEMBER 2022...

CLIMATE NORMAL PERIOD 1991 TO 2020
CLIMATE RECORD PERIOD 1901 TO 2022

WEATHER         OBSERVED          NORMAL  DEPART   LAST YEAR`S
                VALUE   DATE(S)   VALUE   FROM     VALUE
                                          NORMAL
..............................................................
TEMPERATURE (F)
RECORD
 HIGH            105   09/04/1913
 LOW              26   09/28/1942
HIGHEST           94   09/20                          91
LOWEST            38   09/28                          46
AVG. MAXIMUM    79.3               77.9     1.4     83.1
AVG. MINIMUM    57.0               56.1     0.9     59.2
MEAN            68.2               67.0     1.2     71.2
DAYS MAX >= 90     1                2.9    -1.9        4
DAYS MAX <= 32     0                0.0     0.0        0
DAYS MIN <= 32     0                0.0     0.0        0
DAYS MIN <= 0      0                0.0     0.0        0

PRECIPITATION (INCHES)
RECORD
 MAXIMUM       11.64   1926
 MINIMUM        0.14   1939
TOTALS          4.18               3.09    1.09     1.47
DAILY AVG.      0.14               0.10    0.04     0.05
DAYS >= .01        5                7.5    -2.5        3
DAYS >= .10        3                4.8    -1.8        2
DAYS >= .50        2                2.0     0.0        2
DAYS >= 1.00       2                0.7     1.3        0
GREATEST
 24 HR. TOTAL   2.75   09/17 TO 09/18


DEGREE DAYS
HEATING TOTAL     63                 73     -10       16
 SINCE 7/1        63                 78     -15       MM
COOLING TOTAL    165                133      32      204
 SINCE 1/1      1348               1129     219       MM
..............................................................

WIND (MPH)
HIGHEST WIND SPEED/DIRECTION    31/360    DATE  09/18
HIGHEST GUST SPEED/DIRECTION    43/340    DATE  09/18

SKY COVER
POSSIBLE SUNSHINE (PERCENT)   MM
NUMBER OF DAYS FAIR           24
NUMBER OF DAYS PC              5
NUMBER OF DAYS CLOUDY          1


WEATHER CONDITIONS. NUMBER OF DAYS WITH
THUNDERSTORM              1     MIXED PRECIP               0
HEAVY RAIN                3     RAIN                       3
LIGHT RAIN                3     FREEZING RAIN              0
LT FREEZING RAIN          0     HAIL                       0
HEAVY SNOW                0     SNOW                       0
LIGHT SNOW                0     SLEET                      0
FOG                       9     FOG W/VIS <= 1/4 MILE      3
HAZE                      4

-  INDICATES NEGATIVE NUMBERS.
R  INDICATES RECORD WAS SET OR TIED.
MM INDICATES DATA IS MISSING.
T  INDICATES TRACE AMOUNT.

$$

...MONTHLY...

NO RECORDS OF NOTE.


...DAILY...

RECORD LOW MAXIMUM TEMPERATURE OF 57 DEGREES TIED ON 09/23. ALSO SET
IN 1989.

RECORD RAINFALL VALUE OF 2.74 INCHES SET ON 09/18. PREVIOUS 2.26 INCHES
IN 1975.
