000
CXUS56 KEKA 021340 RRB
CLMUKI

CLIMATE REPORT
NATIONAL WEATHER SERVICE EUREKA CA
618 AM PDT FRI SEP 02 2022

...................................

...THE UKIAH CA CLIMATE SUMMARY FOR THE MONTH OF AUGUST 2022...

CLIMATE NORMAL PERIOD: 1991 TO 2020
CLIMATE RECORD PERIOD: 1903 TO 2022

WEATHER         OBSERVED          NORMAL  DEPART   LAST YEAR`S
                VALUE   DATE(S)   VALUE   FROM     VALUE
                                          NORMAL
..............................................................
TEMPERATURE (F)
RECORD
 HIGH            114   MM
 LOW              45   08/29/2010
HIGHEST          108   08/16         MM      MM      109
LOWEST            51   08/13         MM      MM       50
                       08/31
AVG. MAXIMUM    96.3               93.5     2.8     98.0
AVG. MINIMUM    57.3               54.8     2.5     57.3
MEAN            76.8               74.1     2.7     77.6
DAYS MAX >= 90    27
DAYS MIN <= 32     0

PRECIPITATION (INCHES)
RECORD
 MAXIMUM        0.08   2020
TOTALS             T               0.07   -0.07     0.00
DAYS >= .01        0
DAYS >= .10        0
DAYS >= .50        0
DAYS >= 1.00       0
GREATEST
 24 HR. TOTAL      T   08/01 TO 08/01


DEGREE DAYS
HEATING TOTAL      0                  1      -1        0
 SINCE 7/1         0
COOLING TOTAL    373                284      89      400
 SINCE 1/1       940
..............................................................

WIND (MPH)
AVERAGE WIND SPEED              4.0
HIGHEST WIND SPEED/DIRECTION    20/300    DATE  08/22
HIGHEST GUST SPEED/DIRECTION    32/280    DATE  08/22

SKY COVER
AVERAGE SKY COVER           0.01

AVERAGE RH (PERCENT)     49

WEATHER CONDITIONS. NUMBER OF DAYS WITH
THUNDERSTORM              0     HEAVY RAIN                 0
RAIN                      0     LIGHT RAIN                 1
HAIL                      0     HEAVY SNOW                 0
SNOW                      0     LIGHT SNOW                 0
FOG                       0     FOG W/VIS <= 1/4 MILE      0
HAZE                      6

-  INDICATES NEGATIVE NUMBERS.
R  INDICATES RECORD WAS SET OR TIED.
MM INDICATES DATA IS MISSING.
T  INDICATES TRACE AMOUNT.

$$
