000
CXUS53 KSGF 010627
CLMUNO

CLIMATE REPORT
NATIONAL WEATHER SERVICE
127 AM CDT SAT OCT 01 2022

...................................

...THE WEST PLAINS MO CLIMATE SUMMARY FOR THE MONTH OF SEPTEMBER 2022...

CLIMATE NORMAL PERIOD: 1991 TO 2020
CLIMATE RECORD PERIOD: 1947 TO 2022

WEATHER         OBSERVED          NORMAL  DEPART   LAST YEAR`S
                VALUE   DATE(S)   VALUE   FROM     VALUE
                                          NORMAL
..............................................................
TEMPERATURE (F)
RECORD
 HIGH            103   09/04/1954
                       09/03/1954
 LOW              31   09/30/1949
HIGHEST           93   09/20         MM      MM       93
                       09/21
LOWEST            40   09/30         MM      MM       46
AVG. MAXIMUM    81.4               80.8     0.6     85.4
AVG. MINIMUM    58.2               57.4     0.8
MEAN            69.8               69.1     0.7
DAYS MAX >= 90     3                3.9    -0.9
DAYS MAX <= 32     0                0.0     0.0
DAYS MIN <= 32     0                0.0     0.0
DAYS MIN <= 0      0                0.0     0.0

PRECIPITATION (INCHES)
RECORD
 MAXIMUM       10.59   1993
 MINIMUM        0.01   2004
TOTALS          3.05               3.09   -0.04     1.90
DAILY AVG.      0.10               0.10   -0.00
DAYS >= .01        6                9.5    -3.5
DAYS >= .10        5                4.6     0.4
DAYS >= .50        2                1.8     0.2
DAYS >= 1.00       1                0.9     0.1
GREATEST
 24 HR. TOTAL   2.43   09/02 TO 09/03               0.97


DEGREE DAYS
HEATING TOTAL     27                 40     -13        6
 SINCE 7/1        27                 40     -13       MM
COOLING TOTAL    180                163      17      255
 SINCE 1/1      1648               1335     313       MM

FREEZE DATES
RECORD
 EARLIEST     MM
 LATEST       MM
EARLIEST                        MM
LATEST                          04/14
..............................................................

WIND (MPH)
AVERAGE WIND SPEED              4.6
RESULTANT WIND SPEED/DIRECTION   1/050
HIGHEST WIND SPEED/DIRECTION    20/110    DATE  09/03
                                20/330          09/24
HIGHEST GUST SPEED/DIRECTION    30/010    DATE  09/22

SKY COVER
POSSIBLE SUNSHINE (PERCENT)   MM
AVERAGE SKY COVER           0.20
NUMBER OF DAYS FAIR           21
NUMBER OF DAYS PC              7
NUMBER OF DAYS CLOUDY          2

AVERAGE RH (PERCENT)     68

WEATHER CONDITIONS. NUMBER OF DAYS WITH
THUNDERSTORM              2     MIXED PRECIP               0
HEAVY RAIN                4     RAIN                       5
LIGHT RAIN                6     FREEZING RAIN              0
LT FREEZING RAIN          0     HAIL                       0
HEAVY SNOW                0     SNOW                       0
LIGHT SNOW                0     SLEET                      0
FOG                      12     FOG W/VIS <= 1/4 MILE      3
HAZE                      1

-  INDICATES NEGATIVE NUMBERS.
R  INDICATES RECORD WAS SET OR TIED.
MM INDICATES DATA IS MISSING.
T  INDICATES TRACE AMOUNT.

$$
