000
CXUS53 KUNR 011542
CLMUNR

CLIMATE REPORT
NATIONAL WEATHER SERVICE RAPID CITY SD
942 AM MDT THU SEP 01 2022

...................................

...THE EAST RAPID CITY SD CLIMATE SUMMARY FOR THE MONTH OF AUGUST 2022...

CLIMATE NORMAL PERIOD 1991 TO 2020
CLIMATE RECORD PERIOD 1888 TO 2022

WEATHER         OBSERVED          NORMAL  DEPART   LAST YEAR`S
                VALUE   DATE(S)   VALUE   FROM     VALUE DATE(S)
                                          NORMAL
................................................................
TEMPERATURE (F)
RECORD
 HIGH            106   08/29/2012
                       08/14/1935
                       08/01/1900
 LOW              36   08/28/1911
HIGHEST          102   08/11                         103  08/17
LOWEST            54   08/07                          50  08/21
AVG. MAXIMUM    88.8               83.4     5.4     87.3
AVG. MINIMUM    64.0               59.9     4.1     61.7
MEAN            76.4               71.6     4.8     74.5
DAYS MAX >= 90    16                                  12
DAYS MAX <= 32     0                                   0
DAYS MIN <= 32     0                                   0
DAYS MIN <= 0      0                                   0

PRECIPITATION (INCHES)
RECORD
 MAXIMUM        5.67   1906
 MINIMUM        0.09   1944
TOTALS          2.38               2.17    0.21     0.94
DAILY AVG.      0.08               0.07    0.01     0.03
DAYS >= .01        6                                   9
DAYS >= .10        5                                   4
DAYS >= .50        1                                   0
DAYS >= 1.00       1                                   0
GREATEST
 24 HR. TOTAL   1.49   08/25 TO 08/25               0.29

SNOWFALL (INCHES)
RECORDS
 TOTAL           0.2   1955
TOTALS           0.0                0.0     0.0      0.0
SINCE 7/1        0.0                0.0     0.0       MM
SNOWDEPTH AVG.     0                                   0
DAYS >= 1.0        0                0.0     0.0        0
GREATEST
 SNOW DEPTH        0                                   0  MM
 24 HR TOTAL      MM                                  MM

DEGREE DAYS
HEATING TOTAL      0                 18     -18        5
 SINCE 7/1         0                 25     -25       MM
COOLING TOTAL    358                224     134      306
 SINCE 1/1       882                594     288       MM
................................................................

WIND (MPH)
AVERAGE WIND SPEED              5.9
HIGHEST WIND SPEED/DIRECTION    31/010    DATE  08/17
HIGHEST GUST SPEED/DIRECTION    47/010    DATE  08/17
                                47/340          08/26

AVERAGE RH (PERCENT)     48

WEATHER CONDITIONS. NUMBER OF DAYS WITH
THUNDERSTORM              6     MIXED PRECIP               0
HEAVY RAIN                2     RAIN                       3
LIGHT RAIN               10     FREEZING RAIN              0
LT FREEZING RAIN          0     HAIL                       0
HEAVY SNOW                0     SNOW                       0
LIGHT SNOW                0     SLEET                      0
FOG                       0     FOG W/VIS <= 1/4 MILE      1
HAZE                      0

-  INDICATES NEGATIVE NUMBERS.
R  INDICATES RECORD WAS SET OR TIED.
MM INDICATES DATA IS MISSING.
T  INDICATES TRACE AMOUNT.

$$
