000
CXUS54 KCRP 011542
CLMVCT

CLIMATE REPORT
NATIONAL WEATHER SERVICE CORPUS CHRISTI TX
1021 AM CDT SAT OCT 01 2022

...................................

...THE VICTORIA CLIMATE SUMMARY FOR THE MONTH OF SEPTEMBER 2022...

CLIMATE NORMAL PERIOD 1991 TO 2020
CLIMATE RECORD PERIOD 1893 TO 2022

WEATHER         OBSERVED          NORMAL  DEPART   LAST YEAR`S
                VALUE   DATE(S)   VALUE   FROM     VALUE DATE(S)
                                          NORMAL
................................................................
TEMPERATURE (F)
RECORD
 HIGH            111   09/05/2000
 LOW              45   09/27/1942
HIGHEST          100   09/26         90      10      100  09/06
LOWEST            57   09/28         71     -14       55  09/23
                       09/30
AVG. MAXIMUM    92.8               90.7     2.1     93.3
AVG. MINIMUM    69.6               70.0    -0.4     68.8
MEAN            81.2               80.4     0.8     81.1
DAYS MAX >= 90    27               19.9     7.1       21
DAYS MAX <= 32     0                0.0     0.0        0
DAYS MIN <= 32     0                0.0     0.0        0
DAYS MIN <= 0      0                0.0     0.0        0

PRECIPITATION (INCHES)
RECORD
 MAXIMUM       19.05   1978
 MINIMUM        0.00   1920
TOTALS          1.01               4.53   -3.52     2.86
DAILY AVG.      0.03               0.15   -0.12     0.10
DAYS >= .01        9               10.0    -1.0        8
DAYS >= .10        3                6.5    -3.5        5
DAYS >= .50        1                2.7    -1.7        2
DAYS >= 1.00       0                1.4    -1.4        1
GREATEST
 24 HR. TOTAL   0.57   09/03 TO 09/04               1.54  09/28 TO 09/29

SNOWFALL (INCHES)
RECORDS
 TOTAL           0.0   MM
 24 HR TOTAL     0.0   MM
TOTALS           0.0                 MM      MM      0.0
SINCE 7/1        0.0                 MM      MM       MM
SNOWDEPTH AVG.     0                                   0
DAYS >= 1.0        0                 MM      MM        0
GREATEST
 SNOW DEPTH        0                                   0
 24 HR TOTAL                                         0.0

DEGREE DAYS
HEATING TOTAL      0                  0       0        0
 SINCE 7/1         0                  0       0       MM
COOLING TOTAL    494                461      33      490
 SINCE 1/1      3396               2923     473       MM
................................................................

WIND (MPH)
AVERAGE WIND SPEED              5.7
HIGHEST WIND SPEED/DIRECTION    22/140    DATE  09/20
                                22/170          09/24
                                22/050          09/25
HIGHEST GUST SPEED/DIRECTION    31/060    DATE  09/03
                                31/070          09/08
                                31/150          09/20

SKY COVER
AVERAGE SKY COVER           0.17

AVERAGE RH (PERCENT)     73

WEATHER CONDITIONS. NUMBER OF DAYS WITH
THUNDERSTORM              5     MIXED PRECIP               0
HEAVY RAIN                4     RAIN                       5
LIGHT RAIN               11     FREEZING RAIN              0
LT FREEZING RAIN          0     HAIL                       0
HEAVY SNOW                0     SNOW                       0
LIGHT SNOW                0     SLEET                      0
FOG                      25     FOG W/VIS <= 1/4 MILE      1
HAZE                      6

-  INDICATES NEGATIVE NUMBERS.
R  INDICATES RECORD WAS SET OR TIED.
MM INDICATES DATA IS MISSING.
T  INDICATES TRACE AMOUNT.

$$
