000
CXUS55 KGJT 011723
CLMVEL

CLIMATE REPORT
NATIONAL WEATHER SERVICE GRAND JUNCTION CO
1123 AM MDT SAT OCT 01 2022

...................................

...THE VERNAL UT CLIMATE SUMMARY FOR THE MONTH OF SEPTEMBER 2022...

CLIMATE NORMAL PERIOD 1991 TO 2020
CLIMATE RECORD PERIOD 9999 TO 9999

WEATHER         OBSERVED          NORMAL  DEPART   LAST YEAR`S
                VALUE   DATE(S)   VALUE   FROM     VALUE DATE(S)
                                          NORMAL
................................................................
TEMPERATURE (F)
HIGHEST           98   09/05         MM      MM       93  09/10
                       09/06
LOWEST            42   09/23         MM      MM       36  09/22
                       09/24
AVG. MAXIMUM    82.8               77.3     5.5     80.1
AVG. MINIMUM    50.3               46.7     3.6     47.4
MEAN            66.6               62.0     4.6     63.8
DAYS MAX >= 90     8                1.3     6.7        3
DAYS MAX <= 32     0                0.0     0.0        0
DAYS MIN <= 32     0                0.8    -0.8        0
DAYS MIN <= 0      0                0.0     0.0        0

PRECIPITATION (INCHES)
TOTALS          0.63               1.22   -0.59     1.47
DAILY AVG.      0.02               0.04   -0.02     0.05
DAYS >= .01        6                6.2    -0.2        7
DAYS >= .10        2                2.5    -0.5        5
DAYS >= .50        0                0.6    -0.6        0
DAYS >= 1.00       0                0.2    -0.2        0
GREATEST
 24 HR. TOTAL   0.25   09/22 TO 09/22               0.73

SNOWFALL (INCHES)
TOTALS            MM                 MM      MM       MM
SINCE 7/1         MM                 MM      MM       MM
SNOWDEPTH AVG.    MM                                  MM
DAYS >= 1.0       MM                 MM      MM       MM
GREATEST
 SNOW DEPTH       MM                                  MM  MM
 24 HR TOTAL      MM                                  MM

DEGREE DAYS
HEATING TOTAL     45                129     -84       81
 SINCE 7/1        45                136     -91       94
COOLING TOTAL    100                 39      61       52
 SINCE 1/1       968                670     298      960
................................................................

WIND (MPH)
AVERAGE WIND SPEED              4.5
HIGHEST WIND SPEED/DIRECTION    31/250    DATE  09/22
HIGHEST GUST SPEED/DIRECTION    45/250    DATE  09/22

SKY COVER
POSSIBLE SUNSHINE (PERCENT)   MM
AVERAGE SKY COVER           0.17
NUMBER OF DAYS FAIR           25
NUMBER OF DAYS PC              4
NUMBER OF DAYS CLOUDY          1

AVERAGE RH (PERCENT)     45

WEATHER CONDITIONS. NUMBER OF DAYS WITH
THUNDERSTORM              7     MIXED PRECIP               0
HEAVY RAIN                4     RAIN                       4
LIGHT RAIN               10     FREEZING RAIN              0
LT FREEZING RAIN          0     HAIL                       0
HEAVY SNOW                0     SNOW                       0
LIGHT SNOW                0     SLEET                      0
FOG                       5     FOG W/VIS <= 1/4 MILE      0
HAZE                      2

-  INDICATES NEGATIVE NUMBERS.
R  INDICATES RECORD WAS SET OR TIED.
MM INDICATES DATA IS MISSING.
T  INDICATES TRACE AMOUNT.

$$
