000
CXUS53 KSGF 010635
CLMVIH

CLIMATE REPORT
NATIONAL WEATHER SERVICE
135 AM CDT THU SEP 01 2022

...................................

...THE VICHY-ROLLA MO CLIMATE SUMMARY FOR THE MONTH OF AUGUST 2022...

CLIMATE NORMAL PERIOD: 1991 TO 2020
CLIMATE RECORD PERIOD: 1888 TO 2022

WEATHER         OBSERVED          NORMAL  DEPART   LAST YEAR`S
                VALUE   DATE(S)   VALUE   FROM     VALUE
                                          NORMAL
..............................................................
TEMPERATURE (F)
RECORD
 HIGH            107   08/15/2007
 LOW              45   08/13/2004
                       08/12/2004
HIGHEST           98   08/01         MM      MM       96
                       08/03
LOWEST            55   08/31         MM      MM       56
AVG. MAXIMUM    87.3               87.0     0.3     88.2
AVG. MINIMUM    66.6               65.6     1.0
MEAN            76.9               76.3     0.6
DAYS MAX >= 90     8               11.0    -3.0
DAYS MAX <= 32     0                0.0     0.0
DAYS MIN <= 32     0                0.0     0.0
DAYS MIN <= 0      0                0.0     0.0

PRECIPITATION (INCHES)
RECORD
 MAXIMUM       13.50   1982
 MINIMUM        0.74   1967
TOTALS          4.17               3.66    0.51     2.84
DAILY AVG.      0.15               0.12    0.03
DAYS >= .01        6                8.7    -2.7
DAYS >= .10        4                5.4    -1.4
DAYS >= .50        3                2.3     0.7
DAYS >= 1.00       2                1.3     0.7
GREATEST
 24 HR. TOTAL   2.17   08/16 TO 08/16               1.37


DEGREE DAYS
HEATING TOTAL      0                  2      -2        0
 SINCE 7/1         0                  0       0       MM
COOLING TOTAL    329                352     -23      402
 SINCE 1/1      1311               1117     194       MM

FREEZE DATES
RECORD
 EARLIEST     MM
 LATEST       MM
EARLIEST                        MM
LATEST                          04/19
..............................................................

WIND (MPH)
AVERAGE WIND SPEED              7.0
RESULTANT WIND SPEED/DIRECTION   3/180
HIGHEST WIND SPEED/DIRECTION    26/210    DATE  08/28
HIGHEST GUST SPEED/DIRECTION    33/220    DATE  08/28

SKY COVER
POSSIBLE SUNSHINE (PERCENT)   MM
AVERAGE SKY COVER           0.19
NUMBER OF DAYS FAIR           24
NUMBER OF DAYS PC              2
NUMBER OF DAYS CLOUDY          1

AVERAGE RH (PERCENT)     73

WEATHER CONDITIONS. NUMBER OF DAYS WITH
THUNDERSTORM              9     MIXED PRECIP               0
HEAVY RAIN                3     RAIN                       3
LIGHT RAIN                7     FREEZING RAIN              0
LT FREEZING RAIN          0     HAIL                       0
HEAVY SNOW                0     SNOW                       0
LIGHT SNOW                0     SLEET                      0
FOG                       8     FOG W/VIS <= 1/4 MILE      1
HAZE                      0

-  INDICATES NEGATIVE NUMBERS.
R  INDICATES RECORD WAS SET OR TIED.
MM INDICATES DATA IS MISSING.
T  INDICATES TRACE AMOUNT.

$$
