000
CXUS43 KLOT 011526
CLMVPZ

CLIMATE REPORT
NATIONAL WEATHER SERVICE CHICAGO IL
1026 AM CDT SAT OCT 01 2022

...................................

...THE VALPARAISO IN CLIMATE SUMMARY FOR THE MONTH OF SEPTEMBER 2022...

CLIMATE NORMAL PERIOD: 1991 TO 2020
CLIMATE RECORD PERIOD: 1998 TO 2022

WEATHER         OBSERVED          NORMAL  DEPART   LAST YEAR`S
                VALUE   DATE(S)   VALUE   FROM     VALUE DATE(S)
                                          NORMAL
................................................................
TEMPERATURE (F)
RECORD
 HIGH             97   09/11/2013
                       09/10/2013
 LOW              36   09/24/2012
HIGHEST           90   09/20                          92  09/14
                                                          09/19
LOWEST            37   09/29                          47  09/24
AVG. MAXIMUM      MM               77.6      MM     80.9
AVG. MINIMUM      MM               54.8      MM     57.1
MEAN              MM               66.2      MM     69.0
DAYS MAX >= 90     1                2.0    -1.0        4
DAYS MAX <= 32     0                0.0     0.0        0
DAYS MIN <= 32     0                0.0     0.0        0
DAYS MIN <= 0      0                0.0     0.0        0

PRECIPITATION (INCHES)
RECORD
 MAXIMUM        6.35   2019
 MINIMUM        0.50   2004
TOTALS            MM               2.51      MM       MM
DAILY AVG.        MM               0.08      MM       MM
DAYS >= .01       MM               10.1      MM       MM
DAYS >= .10       MM                5.0      MM       MM
DAYS >= .50       MM                1.3      MM        0
DAYS >= 1.00      MM                0.4      MM        0
GREATEST
 24 HR. TOTAL   0.72   09/11 TO 09/11               0.35

DEGREE DAYS
HEATING TOTAL     MM                 75      MM       20
 SINCE 7/1        96                 84      12       MM
COOLING TOTAL     MM                111      MM      145
 SINCE 1/1       897                955     -58       MM
................................................................

WIND (MPH)
AVERAGE WIND SPEED              6.1
HIGHEST WIND SPEED/DIRECTION    28/240    DATE  09/20
HIGHEST GUST SPEED/DIRECTION    43/230    DATE  09/20

AVERAGE RH (PERCENT)     71

WEATHER CONDITIONS. NUMBER OF DAYS WITH
THUNDERSTORM              3     MIXED PRECIP               0
HEAVY RAIN                1     RAIN                       4
LIGHT RAIN                5     FREEZING RAIN              0
LT FREEZING RAIN          0     HAIL                       0
HEAVY SNOW                0     SNOW                       0
LIGHT SNOW                0     SLEET                      0
FOG                      17     FOG W/VIS <= 1/4 MILE      9
HAZE                      4

-  INDICATES NEGATIVE NUMBERS.
R  INDICATES RECORD WAS SET OR TIED.
MM INDICATES DATA IS MISSING.
T  INDICATES TRACE AMOUNT.

$$
