000
CXUS52 KMLB 011235
CLMVRB

CLIMATE REPORT
NATIONAL WEATHER SERVICE MELBOURNE FL
835 AM EDT THU SEP 01 2022

...................................

...THE VERO BEACH CLIMATE SUMMARY FOR THE MONTH OF AUGUST 2022...

CLIMATE NORMAL PERIOD 1991 TO 2020
CLIMATE RECORD PERIOD 1942 TO 2022

WEATHER         OBSERVED          NORMAL  DEPART   LAST YEAR`S
                VALUE   DATE(S)   VALUE   FROM     VALUE
                                          NORMAL
..............................................................
TEMPERATURE (F)
MONTHLY RECORD
 HOTTEST        83.8   2022
 COLDEST        79.8   1967
DAILY RECORD
 HIGH             98   08/17/2022
                       08/02/1999
                       08/07/1989
                       08/07/1956
 LOW              63   08/03/1972
AUGUST 2022
HIGHEST           98R  08/17                          95
LOWEST            70   08/03                          73
                       08/14
AVG. MAXIMUM    92.5               90.6     1.9     90.9
AVG. MINIMUM    74.3               73.6     0.7     75.6
MEAN            83.4               82.1     1.3     83.3
DAYS MAX >= 90    29               20.8     8.2       25
DAYS MAX <= 32     0                0.0     0.0        0
DAYS MIN <= 32     0                0.0     0.0        0
DAYS MIN <= 0      0                0.0     0.0        0

PRECIPITATION (INCHES)
MONTHLY RECORD
 MAXIMUM       18.91   2008
 MINIMUM        1.22   1980
DAILY RECORD
  MAXIMUM       6.48   08/27/2012
AUGUST 2022
TOTALS          1.51               7.35   -5.84     6.59
DAYS >= .01        8               15.0    -7.0       12
DAYS >= .10        3                9.5    -6.5       10
DAYS >= .50        1                4.3    -3.3        4
DAYS >= 1.00       0                2.3    -2.3        2
GREATEST
 24 HR. TOTAL   0.79   08/13 TO 08/13

SNOWFALL (INCHES)
TOTALS           0.0                0.0     0.0      0.0
SINCE 7/1        0.0                0.0     0.0       MM
DAYS >= TRACE      0                                   0

DEGREE DAYS
HEATING TOTAL      0                  0       0        0
 SINCE 7/1         0                  0       0       MM
COOLING TOTAL    578                530      48      573
 SINCE 1/1      2676               2407     269       MM
..............................................................

WIND (MPH)
AVERAGE WIND SPEED              6.9
HIGHEST WIND SPEED/DIRECTION    26/150    DATE  08/29
HIGHEST GUST SPEED/DIRECTION    36/150    DATE  08/29

SKY COVER
POSSIBLE SUNSHINE (PERCENT)   MM
AVERAGE SKY COVER           0.17
NUMBER OF DAYS FAIR           31
NUMBER OF DAYS PC              0
NUMBER OF DAYS CLOUDY          0

AVERAGE RH (PERCENT)     78

WEATHER CONDITIONS. NUMBER OF DAYS WITH
THUNDERSTORM             16     MIXED PRECIP               0
HEAVY RAIN                5     RAIN                       7
LIGHT RAIN               11     LT FREEZING RAIN           0
HAIL                      0     LIGHT SNOW                 0
SLEET                     0     FOG                       13
FOG W/VIS <= 1/4 MILE     1     HAZE                       4

-  INDICATES NEGATIVE NUMBERS.
R  INDICATES RECORD WAS SET OR TIED.
MM INDICATES DATA IS MISSING.
T  INDICATES TRACE AMOUNT.

$$
