000
CXUS51 KBTV 011238
CLMVSF

CLIMATE REPORT
NATIONAL WEATHER SERVICE BURLINGTON VT
838 AM EDT SAT OCT 01 2022

...................................

...THE SPRINGFIELD VT CLIMATE SUMMARY FOR THE MONTH OF SEPTEMBER 2022...

CLIMATE NORMAL PERIOD: 1991 TO 2020
CLIMATE RECORD PERIOD: 9999 TO 9999

WEATHER         OBSERVED          NORMAL  DEPART   LAST YEAR`S
                VALUE   DATE(S)   VALUE   FROM     VALUE DATE(S)
                                          NORMAL
................................................................
TEMPERATURE (F)
RECORD
 HIGH             95
 LOW              27
HIGHEST           87   09/04         MM      MM       82  09/15
                                                          09/18
LOWEST            33   09/30         MM      MM       37  09/29
AVG. MAXIMUM    70.8               71.8    -1.0     72.2
AVG. MINIMUM    49.7               47.8     1.9     50.4
MEAN            60.3               59.8     0.5     61.3
DAYS MAX >= 90     0                0.6    -0.6        0
DAYS MAX <= 32     0                0.0     0.0        0
DAYS MIN <= 32     0                0.6    -0.6        0
DAYS MIN <= 0      0                0.0     0.0        0

PRECIPITATION (INCHES)
RECORD
 MAXIMUM        8.23   1999
 MINIMUM        1.06   2016
TOTALS          5.11               3.61    1.50     4.22
DAILY AVG.      0.17               0.12    0.05     0.14
DAYS >= .01       13               13.2    -0.2       14
DAYS >= .10        8                5.7     2.3        8
DAYS >= .50        4                2.2     1.8        4
DAYS >= 1.00       1                0.9     0.1        1
GREATEST
 24 HR. TOTAL   1.47   09/05 TO 09/06               1.55  09/01 TO 09/02
 STORM TOTAL    1.45                                1.08
 (MM/DD(HH))            MM


DEGREE DAYS
HEATING TOTAL    164                188     -24      128
 SINCE 7/1       174                239     -65       MM
COOLING TOTAL     28                 32      -4       23
 SINCE 1/1       553                376     177       MM
................................................................

WIND (MPH)
AVERAGE WIND SPEED              2.5
HIGHEST WIND SPEED/DIRECTION    23/250    DATE  09/26
HIGHEST GUST SPEED/DIRECTION    32/250    DATE  09/26

SKY COVER
POSSIBLE SUNSHINE (PERCENT)   MM
AVERAGE SKY COVER           0.54
NUMBER OF DAYS FAIR            8
NUMBER OF DAYS PC             13
NUMBER OF DAYS CLOUDY          9

AVERAGE RH (PERCENT)     76

WEATHER CONDITIONS. NUMBER OF DAYS WITH
THUNDERSTORM              2     MIXED PRECIP               0
HEAVY RAIN                6     RAIN                       6
LIGHT RAIN               13     FREEZING RAIN              0
LT FREEZING RAIN          0     HAIL                       0
HEAVY SNOW                0     SNOW                       0
LIGHT SNOW                0     SLEET                      0
FOG                      24     FOG W/VIS <= 1/4 MILE     17
HAZE                      0

-  INDICATES NEGATIVE NUMBERS.
R  INDICATES RECORD WAS SET OR TIED.
MM INDICATES DATA IS MISSING.
T  INDICATES TRACE AMOUNT.

$$
