000
CXUS53 KLBF 010718
CLMVTN

CLIMATE REPORT
NATIONAL WEATHER SERVICE NORTH PLATTE NE
218 AM CDT THU SEP 01 2022

...................................

...THE VALENTINE CLIMATE SUMMARY FOR THE MONTH OF AUGUST 2022...

CLIMATE NORMAL PERIOD 1991 TO 2020
CLIMATE RECORD PERIOD 1885 TO 2022

WEATHER         OBSERVED          NORMAL  DEPART   LAST YEAR`S
                VALUE   DATE(S)   VALUE   FROM     VALUE DATE(S)
                                          NORMAL
................................................................
TEMPERATURE (F)
RECORD
 HIGH            109   08/02/2022
 LOW              34   08/28/1988
                       08/30/1935
HIGHEST          109R  08/02        101       8      102  08/16
LOWEST            45   08/30         44       1       50  08/21
AVG. MAXIMUM    90.3               88.4     1.9     92.4
AVG. MINIMUM    60.6               58.7     1.9     61.1
MEAN            75.5               73.6     1.9     76.7
DAYS MAX >= 90    18               12.4     5.6       21
DAYS MAX <= 32     0                0.0     0.0        0
DAYS MIN <= 32     0                0.0     0.0        0
DAYS MIN <= 0      0                0.0     0.0        0

PRECIPITATION (INCHES)
RECORD
 MAXIMUM        6.71   1966
 MINIMUM        0.06   1947
TOTALS          1.78               2.04   -0.26     2.48
DAILY AVG.      0.06               0.07   -0.01     0.08
DAYS >= .01        9                8.1     0.9        9
DAYS >= .10        5                4.5     0.5        7
DAYS >= .50        1                1.3    -0.3        1
DAYS >= 1.00       0                0.4    -0.4        0
GREATEST
 24 HR. TOTAL   0.71   08/04 TO 08/04               0.80  08/19 TO 08/20

SNOWFALL (INCHES)
RECORDS
 TOTAL           0.0   2002
TOTALS           0.0                0.0     0.0      0.0
SINCE 7/1        0.0                0.0     0.0       MM
SNOWDEPTH AVG.     0                                   0
DAYS >= 1.0        0                0.0     0.0        0
GREATEST
 SNOW DEPTH        0                                   0  MM
 24 HR TOTAL      MM

DEGREE DAYS
HEATING TOTAL      0                 14     -14        0
 SINCE 7/1         0                 15     -15       MM
COOLING TOTAL    332                279      53      370
 SINCE 1/1       983                819     164       MM
................................................................

WIND (MPH)
AVERAGE WIND SPEED              9.7
HIGHEST WIND SPEED/DIRECTION    39/190    DATE  08/23
HIGHEST GUST SPEED/DIRECTION    57/250    DATE  08/02

SKY COVER
POSSIBLE SUNSHINE (PERCENT)   MM
AVERAGE SKY COVER           0.14
NUMBER OF DAYS FAIR           26
NUMBER OF DAYS PC              4
NUMBER OF DAYS CLOUDY          1

AVERAGE RH (PERCENT)     59

WEATHER CONDITIONS. NUMBER OF DAYS WITH
THUNDERSTORM              6     MIXED PRECIP               0
HEAVY RAIN                2     RAIN                       3
LIGHT RAIN               10     FREEZING RAIN              0
LT FREEZING RAIN          0     HAIL                       0
HEAVY SNOW                0     SNOW                       0
LIGHT SNOW                0     SLEET                      0
FOG                       8     FOG W/VIS <= 1/4 MILE      1
HAZE                      0

-  INDICATES NEGATIVE NUMBERS.
R  INDICATES RECORD WAS SET OR TIED.
MM INDICATES DATA IS MISSING.
T  INDICATES TRACE AMOUNT.

$$
