000
CXUS55 KRIW 012007
CLMWRL

CLIMATE REPORT
NATIONAL WEATHER SERVICE RIVERTON WY
207 PM MDT SAT OCT 01 2022

...................................

...THE WORLAND WY CLIMATE SUMMARY FOR THE MONTH OF SEPTEMBER 2022...

CLIMATE NORMAL PERIOD: 1991 TO 2020
CLIMATE RECORD PERIOD: 1947 TO 2022

WEATHER         OBSERVED          NORMAL  DEPART   LAST YEAR`S
                VALUE   DATE(S)   VALUE   FROM     VALUE
                                          NORMAL
..............................................................
TEMPERATURE (F)
RECORD
 HIGH            102   09/04/2022
 LOW              15   09/25/1984
HIGHEST          102R  09/04
LOWEST            36   09/10
                       09/24
AVG. MAXIMUM    80.8               76.2     4.6
AVG. MINIMUM    46.0               42.4     3.6
MEAN            63.4               59.3     4.1
DAYS MAX >= 90     7
DAYS MAX <= 32     0
DAYS MIN <= 32     0
DAYS MIN <= 0      0

PRECIPITATION (INCHES)
RECORD
 MAXIMUM        2.63   2013
 MINIMUM           T   2012
TOTALS          0.94               0.93    0.01     0.10
DAILY AVG.      0.03               0.03   -0.00
DAYS >= .01        6
DAYS >= .10        3
DAYS >= .50        1
DAYS >= 1.00       0
GREATEST
 24 HR. TOTAL   0.63   09/08 TO 09/09
 STORM TOTAL    0.52

SNOWFALL (INCHES)
TOTALS            MM                 MM      MM
SINCE 7/1         MM                 MM      MM
SNOWDEPTH AVG.    MM
DAYS >= 1.0       MM

DEGREE DAYS
HEATING TOTAL    126                202     -76
 SINCE 7/1       131                240    -109
COOLING TOTAL     86                 31      55
 SINCE 1/1       701                528     173
..............................................................

WIND (MPH)
AVERAGE WIND SPEED              5.6
RESULTANT WIND SPEED/DIRECTION   1/190
HIGHEST WIND SPEED/DIRECTION    39/270    DATE  09/08
HIGHEST GUST SPEED/DIRECTION    59/260    DATE  09/08

SKY COVER
POSSIBLE SUNSHINE (PERCENT)   MM
AVERAGE SKY COVER           0.25
NUMBER OF DAYS FAIR           16
NUMBER OF DAYS PC              4
NUMBER OF DAYS CLOUDY          3

AVERAGE RH (PERCENT)     56

WEATHER CONDITIONS. NUMBER OF DAYS WITH
THUNDERSTORM              4     MIXED PRECIP               0
HEAVY RAIN                1     RAIN                       1
LIGHT RAIN                9     FREEZING RAIN              0
LT FREEZING RAIN          0     HAIL                       0
HEAVY SNOW                0     SNOW                       0
LIGHT SNOW                0     SLEET                      0
FOG                       7     FOG W/VIS <= 1/4 MILE      1
HAZE                      3

-  INDICATES NEGATIVE NUMBERS.
R  INDICATES RECORD WAS SET OR TIED.
MM INDICATES DATA IS MISSING.
T  INDICATES TRACE AMOUNT.

$$
