000
CXUS56 KPDT 012158
CLMYKM

CLIMATE REPORT
NATIONAL WEATHER SERVICE PENDLETON, OR
258 PM PDT THU SEP 01 2022

...................................

...THE YAKIMA WA CLIMATE SUMMARY FOR THE MONTH OF AUGUST 2022...

CLIMATE NORMAL PERIOD 1991 TO 2020
CLIMATE RECORD PERIOD 1946 TO 2022

WEATHER         OBSERVED          NORMAL  DEPART   LAST YEAR`S
                VALUE   DATE(S)   VALUE   FROM     VALUE DATE(S)
                                          NORMAL
................................................................
TEMPERATURE (F)
RECORD
 HIGH            110   08/10/1971
 LOW              32   08/14/2022
HIGHEST          103   08/18                         103  08/11
                                                          08/15
LOWEST            48   08/05                          43  08/23
                       08/28
                                                          08/24
AVG. MAXIMUM    93.8               88.5     5.3     88.4
AVG. MINIMUM    59.3               53.3     6.0     55.8
MEAN            76.6               70.9     5.7     72.1
DAYS MAX >= 90    22               14.2     7.8       13
DAYS MAX <= 32     0                0.0     0.0        0
DAYS MIN <= 32     0                0.0     0.0        0
DAYS MIN <= 0      0                0.0     0.0        0

PRECIPITATION (INCHES)
RECORD
 MAXIMUM        2.10   1975
 MINIMUM        0.00   1955
TOTALS             T               0.21   -0.21     0.03
DAILY AVG.         T               0.01   -0.01     0.00
DAYS >= .01        0                2.2    -2.2        0
DAYS >= .10        0                0.8    -0.8        0
DAYS >= .50        0                0.1    -0.1        0
DAYS >= 1.00       0                0.0     0.0        0
GREATEST
 24 HR. TOTAL      T   08/01 TO 08/01               0.02  08/01 TO 08/01
                       08/09 TO 08/09
                       08/19 TO 08/19


DEGREE DAYS
HEATING TOTAL      0                 19     -19       14
 SINCE 7/1         0                 30     -30       MM
COOLING TOTAL    330                202     128      243
 SINCE 1/1       723                559     164       MM
................................................................

WIND (MPH)
AVERAGE WIND SPEED              6.2
RESULTANT WIND SPEED/DIRECTION   3/270
HIGHEST WIND SPEED/DIRECTION    26/270    DATE  08/02
HIGHEST GUST SPEED/DIRECTION    36/270    DATE  08/02
                                36/300          08/04

AVERAGE RH (PERCENT)     43

WEATHER CONDITIONS. NUMBER OF DAYS WITH
THUNDERSTORM              0     MIXED PRECIP               0
HEAVY RAIN                0     RAIN                       0
LIGHT RAIN                2     FREEZING RAIN              0
LT FREEZING RAIN          0     HAIL                       0
HEAVY SNOW                0     SNOW                       0
LIGHT SNOW                0     SLEET                      0
FOG                       0     FOG W/VIS <= 1/4 MILE      0
HAZE                      4

-  INDICATES NEGATIVE NUMBERS.
R  INDICATES RECORD WAS SET OR TIED.
MM INDICATES DATA IS MISSING.
T  INDICATES TRACE AMOUNT.

$$
