000
CXUS51 KCLE 021834
CLMYNG

CLIMATE REPORT
NATIONAL WEATHER SERVICE CLEVELAND, OH
234 PM EDT FRI SEP 02 2022

...................................

...THE YOUNGSTOWN OH CLIMATE SUMMARY FOR THE MONTH OF AUGUST 2022...

CLIMATE NORMAL PERIOD 1991 TO 2020
CLIMATE RECORD PERIOD 1897 TO 2022

WEATHER         OBSERVED          NORMAL  DEPART   LAST YEAR`S
                VALUE   DATE(S)   VALUE   FROM     VALUE
                                          NORMAL
..............................................................
TEMPERATURE (F)
RECORD
 HIGH             97   08/17/1988
                       08/30/1953
 LOW              32   08/29/1982
HIGHEST           93   08/07
LOWEST            48   08/13
AVG. MAXIMUM    83.1               81.1     2.0     83.8
AVG. MINIMUM    60.2               58.8     1.4     63.2
MEAN            71.6               69.9     1.7     73.5
DAYS MAX >= 90     3                2.4     0.6        1
DAYS MAX <= 32     0                0.0     0.0        0
DAYS MIN <= 32     0                0.0     0.0        0
DAYS MIN <= 0      0                0.0     0.0        0

PRECIPITATION (INCHES)
RECORD
 MAXIMUM        9.45   2021
 MINIMUM        0.51
TOTALS          1.87               3.48   -1.61     9.45
DAYS >= .01       10               10.8    -0.8       12
DAYS >= .10        7                6.6     0.4       12
DAYS >= .50        1                2.3    -1.3        6
DAYS >= 1.00       0                0.7    -0.7        3
GREATEST
 24 HR. TOTAL   0.64   08/08 TO 08/09               2.65

SNOWFALL (INCHES)
RECORDS
 TOTAL             T   2011
TOTALS           0.0                0.0     0.0      0.0
SINCE 7/1        0.0                0.0     0.0      0.0
DAYS >= 1.0        0                0.0     0.0        0
GREATEST
 24 HR TOTAL     0.0

DEGREE DAYS
HEATING TOTAL      2                 17     -15        0
 SINCE 7/1         2                 22     -20        7
COOLING TOTAL    218                170      48      271
 SINCE 1/1       688                559     129      766
..............................................................

WIND (MPH)
AVERAGE WIND SPEED              6.0
HIGHEST WIND SPEED/DIRECTION    25/250    DATE  08/29
HIGHEST GUST SPEED/DIRECTION    36/250    DATE  08/29

SKY COVER
AVERAGE SKY COVER           0.64

AVERAGE RH (PERCENT)     72

WEATHER CONDITIONS. NUMBER OF DAYS WITH
THUNDERSTORM             10     MIXED PRECIP               0
HEAVY RAIN                1     RAIN                       2
LIGHT RAIN               14     FREEZING RAIN              0
LT FREEZING RAIN          0     HAIL                       0
HEAVY SNOW                0     SNOW                       0
LIGHT SNOW                0     SLEET                      0
FOG                      18     FOG W/VIS <= 1/4 MILE      2
HAZE                      1

-  INDICATES NEGATIVE NUMBERS.
R  INDICATES RECORD WAS SET OR TIED.
MM INDICATES DATA IS MISSING.
T  INDICATES TRACE AMOUNT.

$$
