000
CXUS51 KPBZ 011351
CLMZZV

CLIMATE REPORT
NATIONAL WEATHER SERVICE PITTSBURGH PA
951 AM EDT THU SEP 01 2022

...................................

...THE ZANESVILLE OH CLIMATE SUMMARY FOR THE MONTH OF AUGUST 2022...

CLIMATE NORMAL PERIOD 1991 TO 2020
CLIMATE RECORD PERIOD 1895 TO 2022

WEATHER         OBSERVED          NORMAL  DEPART   LAST YEAR`S
                VALUE   DATE(S)   VALUE   FROM     VALUE DATE(S)
                                          NORMAL
................................................................
TEMPERATURE (F)
RECORD
 HIGH            105   08/04/1930
 LOW              36   08/29/1965
HIGHEST           90   08/03         92      -2       94  08/12
                       08/04
LOWEST            53   08/13         49       4       53  08/03
AVG. MAXIMUM    82.5               83.7    -1.2     85.7
AVG. MINIMUM    62.9               61.7     1.2     65.5
MEAN            72.7               72.7     0.0     75.6
DAYS MAX >= 90     2                3.6    -1.6        5
DAYS MAX <= 32     0                0.0     0.0        0
DAYS MIN <= 32     0                0.0     0.0        0
DAYS MIN <= 0      0                0.0     0.0        0

PRECIPITATION (INCHES)
RECORD
 MAXIMUM       10.61   1980
 MINIMUM        0.49   1951
TOTALS          5.48               3.20    2.28     6.61
DAILY AVG.      0.18               0.10    0.08     0.21
DAYS >= .01       13                9.9     3.1       16
DAYS >= .10       10                6.2     3.8       12
DAYS >= .50        4                2.2     1.8        3
DAYS >= 1.00       1                0.8     0.2        1
GREATEST
 24 HR. TOTAL   2.28   08/20 TO 08/21               3.07


DEGREE DAYS
HEATING TOTAL      1                  4      -3        0
 SINCE 7/1         1                  2      -1       MM
COOLING TOTAL    246                243       3      338
 SINCE 1/1       816                795      21       MM
................................................................

WIND (MPH)
AVERAGE WIND SPEED              3.8
HIGHEST WIND SPEED/DIRECTION    24/280    DATE  08/04
HIGHEST GUST SPEED/DIRECTION    37/280    DATE  08/04

AVERAGE RH (PERCENT)     76

WEATHER CONDITIONS. NUMBER OF DAYS WITH
THUNDERSTORM             10     MIXED PRECIP               0
HEAVY RAIN                7     RAIN                       7
LIGHT RAIN               14     FREEZING RAIN              0
LT FREEZING RAIN          0     HAIL                       0
HEAVY SNOW                0     SNOW                       0
LIGHT SNOW                0     SLEET                      0
FOG                      22     FOG W/VIS <= 1/4 MILE      8
HAZE                      2

-  INDICATES NEGATIVE NUMBERS.
R  INDICATES RECORD WAS SET OR TIED.
MM INDICATES DATA IS MISSING.
T  INDICATES TRACE AMOUNT.

$$
